{"id":29,"date":"2024-02-28T15:13:58","date_gmt":"2024-02-28T14:13:58","guid":{"rendered":"https:\/\/evileu.de\/postkartenkiosk\/?page_id=29"},"modified":"2024-02-29T08:52:28","modified_gmt":"2024-02-29T07:52:28","slug":"bluemchen-das-strickende-huehnchen","status":"publish","type":"page","link":"https:\/\/evileu.de\/postkartenkiosk\/bluemchen-das-strickende-huehnchen\/","title":{"rendered":"Bl\u00fcmchen, das strickende H\u00fchnchen"},"content":{"rendered":"<p>Ich handarbeite gern, und ich bin auch in diversen Handarbeitsforen im Internet unterwegs. Dabei begleitet mich immer mein Maskottchen, Bl\u00fcmchen das strickende H\u00fchnchen.<\/p>\n<figure id=\"attachment_30\" aria-describedby=\"caption-attachment-30\" style=\"width: 206px\" class=\"wp-caption alignnone\"><img loading=\"lazy\" decoding=\"async\" class=\"size-medium wp-image-30\" src=\"https:\/\/evileu.de\/postkartenkiosk\/wp-content\/uploads\/2024\/02\/blauer_schal_huhn-206x300.jpg\" alt=\"blauer_schal_huhn\" width=\"206\" height=\"300\" srcset=\"https:\/\/evileu.de\/postkartenkiosk\/wp-content\/uploads\/2024\/02\/blauer_schal_huhn-206x300.jpg 206w, https:\/\/evileu.de\/postkartenkiosk\/wp-content\/uploads\/2024\/02\/blauer_schal_huhn.jpg 594w\" sizes=\"auto, (max-width: 206px) 100vw, 206px\" \/><figcaption id=\"caption-attachment-30\" class=\"wp-caption-text\">Blauer Schal<\/figcaption><\/figure>\n<p>Bl\u00fcmchen ist eine sehr unternehmungslustige junge Dame und immer f\u00fcr einen Spa\u00df zu haben. Sie macht auch gerne Musik und tanzt f\u00fcr ihr Leben gern!<\/p>\n<figure id=\"attachment_95\" aria-describedby=\"caption-attachment-95\" style=\"width: 211px\" class=\"wp-caption alignnone\"><img loading=\"lazy\" decoding=\"async\" class=\"size-medium wp-image-95\" src=\"https:\/\/evileu.de\/postkartenkiosk\/wp-content\/uploads\/2024\/02\/tanzhuhn-211x300.jpg\" alt=\"tanzhuhn\" width=\"211\" height=\"300\" srcset=\"https:\/\/evileu.de\/postkartenkiosk\/wp-content\/uploads\/2024\/02\/tanzhuhn-211x300.jpg 211w, https:\/\/evileu.de\/postkartenkiosk\/wp-content\/uploads\/2024\/02\/tanzhuhn-720x1024.jpg 720w, https:\/\/evileu.de\/postkartenkiosk\/wp-content\/uploads\/2024\/02\/tanzhuhn-768x1092.jpg 768w, https:\/\/evileu.de\/postkartenkiosk\/wp-content\/uploads\/2024\/02\/tanzhuhn-1080x1536.jpg 1080w, https:\/\/evileu.de\/postkartenkiosk\/wp-content\/uploads\/2024\/02\/tanzhuhn.jpg 1219w\" sizes=\"auto, (max-width: 211px) 100vw, 211px\" \/><figcaption id=\"caption-attachment-95\" class=\"wp-caption-text\">tanzhuhn<\/figcaption><\/figure>\n<p>Ausserdem liebt sie die Natur und ist eine leidenschaftliche Bergsteigerin.<\/p>\n<figure id=\"attachment_96\" aria-describedby=\"caption-attachment-96\" style=\"width: 209px\" class=\"wp-caption alignnone\"><img loading=\"lazy\" decoding=\"async\" class=\"wp-image-96 size-medium\" src=\"https:\/\/evileu.de\/postkartenkiosk\/wp-content\/uploads\/2024\/02\/wanderhuhn-209x300.jpg\" alt=\"wanderhuhn\" width=\"209\" height=\"300\" srcset=\"https:\/\/evileu.de\/postkartenkiosk\/wp-content\/uploads\/2024\/02\/wanderhuhn-209x300.jpg 209w, https:\/\/evileu.de\/postkartenkiosk\/wp-content\/uploads\/2024\/02\/wanderhuhn.jpg 618w\" sizes=\"auto, (max-width: 209px) 100vw, 209px\" \/><figcaption id=\"caption-attachment-96\" class=\"wp-caption-text\">wanderhuhn<\/figcaption><\/figure>\n<p>Es ist sch\u00f6n, eine Freundin wie Bl\u00fcmchen zu haben!<\/p>\n<figure id=\"attachment_97\" aria-describedby=\"caption-attachment-97\" style=\"width: 207px\" class=\"wp-caption alignnone\"><img loading=\"lazy\" decoding=\"async\" class=\"size-medium wp-image-97\" src=\"https:\/\/evileu.de\/postkartenkiosk\/wp-content\/uploads\/2024\/02\/umaermelhuehnchen-207x300.jpg\" alt=\"umaermelhuehnchen\" width=\"207\" height=\"300\" srcset=\"https:\/\/evileu.de\/postkartenkiosk\/wp-content\/uploads\/2024\/02\/umaermelhuehnchen-207x300.jpg 207w, https:\/\/evileu.de\/postkartenkiosk\/wp-content\/uploads\/2024\/02\/umaermelhuehnchen.jpg 597w\" sizes=\"auto, (max-width: 207px) 100vw, 207px\" \/><figcaption id=\"caption-attachment-97\" class=\"wp-caption-text\">umaermelhuehnchen<\/figcaption><\/figure>\n","protected":false},"excerpt":{"rendered":"<p>Ich handarbeite gern, und ich bin auch in diversen Handarbeitsforen im Internet unterwegs. Dabei begleitet mich immer mein Maskottchen, Bl\u00fcmchen das strickende H\u00fchnchen. Bl\u00fcmchen ist eine sehr unternehmungslustige junge Dame und immer f\u00fcr einen Spa\u00df zu haben. Sie macht auch gerne Musik und tanzt f\u00fcr ihr Leben gern! Ausserdem liebt sie die Natur und ist &hellip; <a href=\"https:\/\/evileu.de\/postkartenkiosk\/bluemchen-das-strickende-huehnchen\/\" class=\"more-link\"><span class=\"screen-reader-text\">Bl\u00fcmchen, das strickende H\u00fchnchen<\/span> weiterlesen <span class=\"meta-nav\">&rarr;<\/span><\/a><\/p>\n","protected":false},"author":1,"featured_media":0,"parent":0,"menu_order":3,"comment_status":"closed","ping_status":"closed","template":"","meta":{"footnotes":""},"class_list":["post-29","page","type-page","status-publish","hentry"],"_links":{"self":[{"href":"https:\/\/evileu.de\/postkartenkiosk\/wp-json\/wp\/v2\/pages\/29","targetHints":{"allow":["GET"]}}],"collection":[{"href":"https:\/\/evileu.de\/postkartenkiosk\/wp-json\/wp\/v2\/pages"}],"about":[{"href":"https:\/\/evileu.de\/postkartenkiosk\/wp-json\/wp\/v2\/types\/page"}],"author":[{"embeddable":true,"href":"https:\/\/evileu.de\/postkartenkiosk\/wp-json\/wp\/v2\/users\/1"}],"replies":[{"embeddable":true,"href":"https:\/\/evileu.de\/postkartenkiosk\/wp-json\/wp\/v2\/comments?post=29"}],"version-history":[{"count":3,"href":"https:\/\/evileu.de\/postkartenkiosk\/wp-json\/wp\/v2\/pages\/29\/revisions"}],"predecessor-version":[{"id":98,"href":"https:\/\/evileu.de\/postkartenkiosk\/wp-json\/wp\/v2\/pages\/29\/revisions\/98"}],"wp:attachment":[{"href":"https:\/\/evileu.de\/postkartenkiosk\/wp-json\/wp\/v2\/media?parent=29"}],"curies":[{"name":"wp","href":"https:\/\/api.w.org\/{rel}","templated":true}]}}