{"id":117,"date":"2024-02-29T13:27:51","date_gmt":"2024-02-29T12:27:51","guid":{"rendered":"https:\/\/evileu.de\/postkartenkiosk\/?page_id=117"},"modified":"2024-02-29T14:52:22","modified_gmt":"2024-02-29T13:52:22","slug":"essen-trinken","status":"publish","type":"page","link":"https:\/\/evileu.de\/postkartenkiosk\/essen-trinken\/","title":{"rendered":"Essen &#038; Trinken"},"content":{"rendered":"<p>Ich koche und backe f\u00fcr mein Leben gern, und auch in meinen Kinderb\u00fcchern wird gern und gut gegessen. Ganz viele meiner erprobten und bew\u00e4hrten Rezepte gibt es auch Online zum Schm\u00f6kern und Nachkochen, im beliebten <a href=\"https:\/\/evileu.de\/inselfisch-kochbuch\/\">Inselfisch-Kochbuch<\/a>.<\/p>\n<p><img loading=\"lazy\" decoding=\"async\" class=\"header-image\" src=\"https:\/\/evileu.de\/inselfisch-kochbuch\/wp-content\/uploads\/2017\/01\/titelbild-inselfisch-kochbuch.jpg\" alt=\"Das Inselfisch-Kochbuch\" width=\"600\" height=\"420\" \/><\/p>\n<p>Ich habe jede Menge Bilder von feinen Speisen, leckerem Geb\u00e4ck und k\u00f6stlichen Getr\u00e4nken, die stelle ich gerne hier herein.<\/p>\n<p>Zum Beispiel dieses hier: <a href=\"https:\/\/evileu.de\/inselfisch-kochbuch\/2016\/12\/18\/orangen-zitronen-kuchen\/\">Orangen-Zitronen-Kuchen<\/a><\/p>\n<p><img loading=\"lazy\" decoding=\"async\" class=\"wp-image-669 size-full\" src=\"http:\/\/evileu.de\/inselfisch-kochbuch\/wp-content\/uploads\/2016\/12\/Orangen-Zitronen-Kuchen.jpg\" alt=\"Handgemalte Illustration: orangen-zitronen-kuchen\" width=\"1754\" height=\"1275\" aria-describedby=\"caption-attachment-669\" \/><\/p>\n","protected":false},"excerpt":{"rendered":"<p>Ich koche und backe f\u00fcr mein Leben gern, und auch in meinen Kinderb\u00fcchern wird gern und gut gegessen. Ganz viele meiner erprobten und bew\u00e4hrten Rezepte gibt es auch Online zum Schm\u00f6kern und Nachkochen, im beliebten Inselfisch-Kochbuch. Ich habe jede Menge Bilder von feinen Speisen, leckerem Geb\u00e4ck und k\u00f6stlichen Getr\u00e4nken, die stelle ich gerne hier herein. &hellip; <a href=\"https:\/\/evileu.de\/postkartenkiosk\/essen-trinken\/\" class=\"more-link\"><span class=\"screen-reader-text\">Essen &#038; Trinken<\/span> weiterlesen <span class=\"meta-nav\">&rarr;<\/span><\/a><\/p>\n","protected":false},"author":1,"featured_media":0,"parent":0,"menu_order":7,"comment_status":"closed","ping_status":"closed","template":"","meta":{"footnotes":""},"class_list":["post-117","page","type-page","status-publish","hentry"],"_links":{"self":[{"href":"https:\/\/evileu.de\/postkartenkiosk\/wp-json\/wp\/v2\/pages\/117","targetHints":{"allow":["GET"]}}],"collection":[{"href":"https:\/\/evileu.de\/postkartenkiosk\/wp-json\/wp\/v2\/pages"}],"about":[{"href":"https:\/\/evileu.de\/postkartenkiosk\/wp-json\/wp\/v2\/types\/page"}],"author":[{"embeddable":true,"href":"https:\/\/evileu.de\/postkartenkiosk\/wp-json\/wp\/v2\/users\/1"}],"replies":[{"embeddable":true,"href":"https:\/\/evileu.de\/postkartenkiosk\/wp-json\/wp\/v2\/comments?post=117"}],"version-history":[{"count":4,"href":"https:\/\/evileu.de\/postkartenkiosk\/wp-json\/wp\/v2\/pages\/117\/revisions"}],"predecessor-version":[{"id":130,"href":"https:\/\/evileu.de\/postkartenkiosk\/wp-json\/wp\/v2\/pages\/117\/revisions\/130"}],"wp:attachment":[{"href":"https:\/\/evileu.de\/postkartenkiosk\/wp-json\/wp\/v2\/media?parent=117"}],"curies":[{"name":"wp","href":"https:\/\/api.w.org\/{rel}","templated":true}]}}