{"id":818,"date":"2017-09-07T11:50:23","date_gmt":"2017-09-07T09:50:23","guid":{"rendered":"http:\/\/evileu.de\/oddballs\/?page_id=818"},"modified":"2018-12-17T08:32:29","modified_gmt":"2018-12-17T07:32:29","slug":"barrierefreie-anleitungen-als-pdfs","status":"publish","type":"page","link":"https:\/\/evileu.de\/oddballs\/barrierefreie-anleitungen-als-pdfs\/","title":{"rendered":"Barrierefreie Anleitungen als PDFs"},"content":{"rendered":"<p>Ich bin gerade dabei, alle meine Anleitungen als PDFs zu \u00fcberarbeiten und\u00a0 nach M\u00f6glicjkeit barrierefrei zu gestalten. Damit m\u00f6chte ich meinen BesucherInnen mit Handicap einen besonderen Service bieten, damit auch jene, die auf Screenreader etc. angewiesen sind, meine Handarbeitsanleitungen m\u00f6glichst gut lesen und nachvollziehen k\u00f6nnen. Ich w\u00fcnsche allen viel Vergn\u00fcgen beim Nacharbeiten!<\/p>\n<h2>Gestrickter Quilt aus gef\u00fcllten Sechsecken<\/h2>\n<div class=\"entry-content\">\n<p>Diese Technik hei\u00dft im Englischen \u201eBeekeepers Quilt\u201c, also Bienenz\u00fcchter-Quilt, weil die Sechsecke die Form von Bienenwaben haben. Der Quilt eignet sich bestens zur Resteverwertung und gibt z.B. ganz prima Sitzkissen oder Stuhlauflagen ab.<\/p>\n<p>Hier klicken f\u00fcr das PDF:\u00a0<a href=\"http:\/\/evileu.de\/oddballs\/wp-content\/uploads\/2017\/09\/neu_AnleitungSechsecke_bf.pdf\">AnleitungSechsecke_bf<\/a><\/p>\n<figure id=\"attachment_560\" aria-describedby=\"caption-attachment-560\" style=\"width: 1600px\" class=\"wp-caption aligncenter\"><a href=\"http:\/\/evileu.de\/oddballs\/wp-content\/uploads\/2017\/08\/beekeepers_quilt_nahaufnahme.jpg\"><img decoding=\"async\" loading=\"lazy\" class=\"wp-image-560 size-full\" src=\"http:\/\/evileu.de\/oddballs\/wp-content\/uploads\/2017\/08\/beekeepers_quilt_nahaufnahme.jpg\" alt=\"beekeepers quilt nahaufnahme\" width=\"1600\" height=\"1200\" srcset=\"https:\/\/evileu.de\/oddballs\/wp-content\/uploads\/2017\/08\/beekeepers_quilt_nahaufnahme.jpg 1600w, https:\/\/evileu.de\/oddballs\/wp-content\/uploads\/2017\/08\/beekeepers_quilt_nahaufnahme-300x225.jpg 300w, https:\/\/evileu.de\/oddballs\/wp-content\/uploads\/2017\/08\/beekeepers_quilt_nahaufnahme-768x576.jpg 768w, https:\/\/evileu.de\/oddballs\/wp-content\/uploads\/2017\/08\/beekeepers_quilt_nahaufnahme-1024x768.jpg 1024w, https:\/\/evileu.de\/oddballs\/wp-content\/uploads\/2017\/08\/beekeepers_quilt_nahaufnahme-24x18.jpg 24w, https:\/\/evileu.de\/oddballs\/wp-content\/uploads\/2017\/08\/beekeepers_quilt_nahaufnahme-36x27.jpg 36w, https:\/\/evileu.de\/oddballs\/wp-content\/uploads\/2017\/08\/beekeepers_quilt_nahaufnahme-48x36.jpg 48w\" sizes=\"(max-width: 1600px) 100vw, 1600px\" \/><\/a><figcaption id=\"caption-attachment-560\" class=\"wp-caption-text\">beekeepers quilt nahaufnahme<\/figcaption><\/figure>\n<h2>Gestricktes Dreieckstuch <em>Annamirl<\/em> (ganz simpel)<\/h2>\n<p>Ich habe lange nach einer Anleitung f\u00fcr ein einfach kraus rechts gestricktes Dreieckstuch gesucht, das in der Mitte angefangen wird, und keine gefunden. Na, dann schrieb ich sie halt selber.<\/p>\n<p>In der Mitte angefangen deswegen, weil ich viel mit Resten stricke und nie genau wei\u00df, wie weit die Wolle reicht. Ausserdem wollte ich mit einem langen Farbverlauf stricken, so dass die Streifen der Dreiecksform folgen, so \u00e4hnlich wie beim geh\u00e4kelten Granny Square.<br \/>\nHier klicken f\u00fcr das PDF: <a href=\"http:\/\/evileu.de\/oddballs\/wp-content\/uploads\/2017\/09\/Anleitung_gestricktes_Dreieckstuch_Annamirl_barrierefrei.pdf\">Dreieckstuch Annamirl barrierefrei<\/a><\/p>\n<figure id=\"attachment_834\" aria-describedby=\"caption-attachment-834\" style=\"width: 1600px\" class=\"wp-caption aligncenter\"><a href=\"http:\/\/evileu.de\/oddballs\/wp-content\/uploads\/2017\/09\/annamirl_fertig.jpg\"><img decoding=\"async\" loading=\"lazy\" class=\"size-full wp-image-834\" src=\"http:\/\/evileu.de\/oddballs\/wp-content\/uploads\/2017\/09\/annamirl_fertig.jpg\" alt=\"annamirl fertig\" width=\"1600\" height=\"1200\" srcset=\"https:\/\/evileu.de\/oddballs\/wp-content\/uploads\/2017\/09\/annamirl_fertig.jpg 1600w, https:\/\/evileu.de\/oddballs\/wp-content\/uploads\/2017\/09\/annamirl_fertig-300x225.jpg 300w, https:\/\/evileu.de\/oddballs\/wp-content\/uploads\/2017\/09\/annamirl_fertig-768x576.jpg 768w, https:\/\/evileu.de\/oddballs\/wp-content\/uploads\/2017\/09\/annamirl_fertig-1024x768.jpg 1024w\" sizes=\"(max-width: 1600px) 100vw, 1600px\" \/><\/a><figcaption id=\"caption-attachment-834\" class=\"wp-caption-text\">annamirl fertig<\/figcaption><\/figure>\n<h2>Miezekatze a la Inselfisch<\/h2>\n<p>Hinweis f\u00fcr Blinde und Sehbehinderte: Die Anleitung enth\u00e4lt eine\u00a0Zeichnung f\u00fcr das Zusammenn\u00e4hen des K\u00f6rpers der Katze, weil das mit Worten nur sehr schlecht zu beschreiben ist.\u00a0 Lassen Sie sich das einmal zeigen, wenn man es einmal in der Hand gehabt hat ist es gar nicht schwer nachzumachen.<\/p>\n<p>Diese Anleitung habe ich mir aus mehreren im Internet kursierenden Anleitungen zusammenklam\u00fcsert und auf glatt-rechts umgerechnet. Au\u00dferdem habe ich ein \u201eSchn\u00e4uzchen\u201c eingebaut, weil mir die platten Katzengesichter nicht so gut gefallen haben. Mit Schn\u00e4uzchen sehen die Miezekatzen so richtig knuddelig aus!<\/p>\n<p>Hier klicken f\u00fcr das PDF:\u00a0<a href=\"http:\/\/evileu.de\/oddballs\/wp-content\/uploads\/2017\/09\/Miezekatze_bf-1.pdf\">Miezekatze_bf<\/a><\/p>\n<figure id=\"attachment_838\" aria-describedby=\"caption-attachment-838\" style=\"width: 2784px\" class=\"wp-caption aligncenter\"><a href=\"http:\/\/evileu.de\/oddballs\/wp-content\/uploads\/2017\/09\/zwei_miezekatzen.jpg\"><img decoding=\"async\" loading=\"lazy\" class=\"size-full wp-image-838\" src=\"http:\/\/evileu.de\/oddballs\/wp-content\/uploads\/2017\/09\/zwei_miezekatzen.jpg\" alt=\"zwei miezekatzen\" width=\"2784\" height=\"2384\" srcset=\"https:\/\/evileu.de\/oddballs\/wp-content\/uploads\/2017\/09\/zwei_miezekatzen.jpg 2784w, https:\/\/evileu.de\/oddballs\/wp-content\/uploads\/2017\/09\/zwei_miezekatzen-300x257.jpg 300w, https:\/\/evileu.de\/oddballs\/wp-content\/uploads\/2017\/09\/zwei_miezekatzen-768x658.jpg 768w, https:\/\/evileu.de\/oddballs\/wp-content\/uploads\/2017\/09\/zwei_miezekatzen-1024x877.jpg 1024w\" sizes=\"(max-width: 2784px) 100vw, 2784px\" \/><\/a><figcaption id=\"caption-attachment-838\" class=\"wp-caption-text\">zwei miezekatzen<\/figcaption><\/figure>\n<h2>Schuppenschal a la Inselfisch<\/h2>\n<p>Weil ich im Web keine vern\u00fcnftige Anleitung, aber 1000 Bilder gefunden habe, hab ich mir das Prinzip wieder mal selber zusammenklam\u00fcsert. Der Schuppenschal ist wirklich sehr leicht zu stricken, und eignet sich ideal f\u00fcr Verlaufgarne. Man strickt verk\u00fcrzte Reihen, das ist das ganze Geheimnis. Man kann einen geraden Schal stricken, oder man n\u00e4ht die Enden zusammen f\u00fcr einen Loop.<\/p>\n<p>Hier klicken f\u00fcr das PDF:\u00a0<a href=\"http:\/\/evileu.de\/oddballs\/wp-content\/uploads\/2017\/09\/Schuppenschal_barrierefrei.pdf\">Schuppenschal barrierefrei<\/a><\/p>\n<figure id=\"attachment_843\" aria-describedby=\"caption-attachment-843\" style=\"width: 1600px\" class=\"wp-caption aligncenter\"><a href=\"http:\/\/evileu.de\/oddballs\/wp-content\/uploads\/2017\/09\/loop_lila.jpg\"><img decoding=\"async\" loading=\"lazy\" class=\"size-full wp-image-843\" src=\"http:\/\/evileu.de\/oddballs\/wp-content\/uploads\/2017\/09\/loop_lila.jpg\" alt=\"schuppenschal loop lila\" width=\"1600\" height=\"1200\" srcset=\"https:\/\/evileu.de\/oddballs\/wp-content\/uploads\/2017\/09\/loop_lila.jpg 1600w, https:\/\/evileu.de\/oddballs\/wp-content\/uploads\/2017\/09\/loop_lila-300x225.jpg 300w, https:\/\/evileu.de\/oddballs\/wp-content\/uploads\/2017\/09\/loop_lila-768x576.jpg 768w, https:\/\/evileu.de\/oddballs\/wp-content\/uploads\/2017\/09\/loop_lila-1024x768.jpg 1024w\" sizes=\"(max-width: 1600px) 100vw, 1600px\" \/><\/a><figcaption id=\"caption-attachment-843\" class=\"wp-caption-text\">schuppenschal loop lila<\/figcaption><\/figure>\n<figure id=\"attachment_845\" aria-describedby=\"caption-attachment-845\" style=\"width: 1200px\" class=\"wp-caption aligncenter\"><a href=\"http:\/\/evileu.de\/oddballs\/wp-content\/uploads\/2017\/09\/orange_verlauf_fertig.jpg\"><img decoding=\"async\" loading=\"lazy\" class=\"size-full wp-image-845\" src=\"http:\/\/evileu.de\/oddballs\/wp-content\/uploads\/2017\/09\/orange_verlauf_fertig.jpg\" alt=\"schuppenschal gerade orange verlauf\" width=\"1200\" height=\"1600\" srcset=\"https:\/\/evileu.de\/oddballs\/wp-content\/uploads\/2017\/09\/orange_verlauf_fertig.jpg 1200w, https:\/\/evileu.de\/oddballs\/wp-content\/uploads\/2017\/09\/orange_verlauf_fertig-225x300.jpg 225w, https:\/\/evileu.de\/oddballs\/wp-content\/uploads\/2017\/09\/orange_verlauf_fertig-768x1024.jpg 768w\" sizes=\"(max-width: 1200px) 100vw, 1200px\" \/><\/a><figcaption id=\"caption-attachment-845\" class=\"wp-caption-text\">schuppenschal gerade orange verlauf<\/figcaption><\/figure>\n<h2>Nestelmuffs mit Rollrand f\u00fcr Demenzkranke und Alzheimerpatienten<\/h2>\n<p>Die Idee zu den Nestelmuffs kommt vom <a href=\"https:\/\/blog.loveknitting.de\/twiddlemuffs-so-koennen-sie-demenz-patienten-helfen\/\">LoveKnitting-Blog<\/a>, dort heissen sie Twiddle-Muffs. Die Idee dabei ist, dass die Finger und der Tastsinn von den aufgen\u00e4hten Details angesprochen werden, und dass die H\u00e4nde warmgehalten werden.<\/p>\n<p>Bei LoveKnitting findet ihr auch eine prima Anleitung f\u00fcr die Addi Rundstrickmaschine, googlet mal nach \u201eloveknitting twiddlemuffs\u201c.<\/p>\n<p>Ich fand die Dinger so toll, ich hab mich gleich mal an die Strickmaschine gesetzt und einige Nestelmuffs gestrickt. Das geht auf dem Grobstricker (Singer Solo) ratzfatz, man kann sie aber auch per Hand stricken, ich gebe f\u00fcr beides eine Anleitung.<\/p>\n<p>Hier klicken f\u00fcr die Anleitung: <a href=\"http:\/\/evileu.de\/oddballs\/wp-content\/uploads\/2017\/09\/Nestelmuffs_barrierefrei-1.pdf\">Nestelmuffs barrierefrei<\/a><\/p>\n<figure id=\"attachment_873\" aria-describedby=\"caption-attachment-873\" style=\"width: 1600px\" class=\"wp-caption aligncenter\"><a href=\"http:\/\/evileu.de\/oddballs\/wp-content\/uploads\/2017\/09\/T\u00fcrkis-mit-Rosen-und-Gl\u00f6ckchen.jpg\"><img decoding=\"async\" loading=\"lazy\" class=\"size-full wp-image-873\" src=\"http:\/\/evileu.de\/oddballs\/wp-content\/uploads\/2017\/09\/T\u00fcrkis-mit-Rosen-und-Gl\u00f6ckchen.jpg\" alt=\"T\u00fcrkis mit Rosen und Gl\u00f6ckchen\" width=\"1600\" height=\"1200\" srcset=\"https:\/\/evileu.de\/oddballs\/wp-content\/uploads\/2017\/09\/T\u00fcrkis-mit-Rosen-und-Gl\u00f6ckchen.jpg 1600w, https:\/\/evileu.de\/oddballs\/wp-content\/uploads\/2017\/09\/T\u00fcrkis-mit-Rosen-und-Gl\u00f6ckchen-300x225.jpg 300w, https:\/\/evileu.de\/oddballs\/wp-content\/uploads\/2017\/09\/T\u00fcrkis-mit-Rosen-und-Gl\u00f6ckchen-768x576.jpg 768w, https:\/\/evileu.de\/oddballs\/wp-content\/uploads\/2017\/09\/T\u00fcrkis-mit-Rosen-und-Gl\u00f6ckchen-1024x768.jpg 1024w\" sizes=\"(max-width: 1600px) 100vw, 1600px\" \/><\/a><figcaption id=\"caption-attachment-873\" class=\"wp-caption-text\">T\u00fcrkis mit Rosen und Gl\u00f6ckchen<\/figcaption><\/figure>\n<h2>H\u00e4kelrosen \u00e1 la Inselfisch<\/h2>\n<p>H\u00e4kelrosen kann man immer brauchen! Die hat schon meine Oma gern gemacht, immer passend zum Outfit. Sie schm\u00fccken als Anstecker, am Haarband, an einen Kragen oder Ausschnitt gen\u00e4ht, sie sind ausgesprochen vielseitig verwendbar. Ausserdem sind sie schnell gemacht und man kann sie auch aus kleinen Restchen fertigen. Besonders sch\u00f6n werden sie aus meliertem Garn oder auch aus Verlaufsgarn. Man kann auch B\u00e4ndchengarne, Mohair und Lurex verarbeiten, der Fantasie sind da keine Grenzen gesetzt.<\/p>\n<p>Hier klicken f\u00fcr die Anleitung:\u00a0<a href=\"http:\/\/evileu.de\/oddballs\/wp-content\/uploads\/2017\/09\/H\u00e4kelrosen_barrierefrei.pdf\">H\u00e4kelrosen_barrierefrei<\/a><\/p>\n<figure id=\"attachment_879\" aria-describedby=\"caption-attachment-879\" style=\"width: 1200px\" class=\"wp-caption aligncenter\"><a href=\"http:\/\/evileu.de\/oddballs\/wp-content\/uploads\/2017\/09\/Tuch-mit-Rosen.jpg\"><img decoding=\"async\" loading=\"lazy\" class=\"size-full wp-image-879\" src=\"http:\/\/evileu.de\/oddballs\/wp-content\/uploads\/2017\/09\/Tuch-mit-Rosen.jpg\" alt=\"Tuch mit Rosen\" width=\"1200\" height=\"1600\" srcset=\"https:\/\/evileu.de\/oddballs\/wp-content\/uploads\/2017\/09\/Tuch-mit-Rosen.jpg 1200w, https:\/\/evileu.de\/oddballs\/wp-content\/uploads\/2017\/09\/Tuch-mit-Rosen-225x300.jpg 225w, https:\/\/evileu.de\/oddballs\/wp-content\/uploads\/2017\/09\/Tuch-mit-Rosen-768x1024.jpg 768w\" sizes=\"(max-width: 1200px) 100vw, 1200px\" \/><\/a><figcaption id=\"caption-attachment-879\" class=\"wp-caption-text\">Tuch mit Rosen<\/figcaption><\/figure>\n<h2>Geh\u00e4keltes Blatt<\/h2>\n<p>Passend zu den H\u00e4kelrosen hier noch ein geh\u00e4keltes Blatt. Die Blattgr\u00f6\u00dfe wird je nach Garnst\u00e4rke gr\u00f6\u00dfer oder kleiner, das geht mit allen Materialien. Man kann die Bl\u00e4tter auch aus ganz kleinen Restchen machen, da reicht ca. 1 Meter Wolle.<\/p>\n<p>Hier klicken f\u00fcr die Anleitung: <a href=\"http:\/\/evileu.de\/oddballs\/wp-content\/uploads\/2017\/09\/H\u00e4kelblatt_barrierefrei.pdf\">H\u00e4kelblatt_barrierefrei<\/a><\/p>\n<figure id=\"attachment_883\" aria-describedby=\"caption-attachment-883\" style=\"width: 1600px\" class=\"wp-caption aligncenter\"><a href=\"http:\/\/evileu.de\/oddballs\/wp-content\/uploads\/2017\/09\/Ganzes-Blatt.jpg\"><img decoding=\"async\" loading=\"lazy\" class=\"size-full wp-image-883\" src=\"http:\/\/evileu.de\/oddballs\/wp-content\/uploads\/2017\/09\/Ganzes-Blatt.jpg\" alt=\"Ganzes Blatt\" width=\"1600\" height=\"1200\" srcset=\"https:\/\/evileu.de\/oddballs\/wp-content\/uploads\/2017\/09\/Ganzes-Blatt.jpg 1600w, https:\/\/evileu.de\/oddballs\/wp-content\/uploads\/2017\/09\/Ganzes-Blatt-300x225.jpg 300w, https:\/\/evileu.de\/oddballs\/wp-content\/uploads\/2017\/09\/Ganzes-Blatt-768x576.jpg 768w, https:\/\/evileu.de\/oddballs\/wp-content\/uploads\/2017\/09\/Ganzes-Blatt-1024x768.jpg 1024w\" sizes=\"(max-width: 1600px) 100vw, 1600px\" \/><\/a><figcaption id=\"caption-attachment-883\" class=\"wp-caption-text\">Ganzes Blatt<\/figcaption><\/figure>\n<h2>Rustikale Handstulpen &#8222;Herbstblattl&#8220;<\/h2>\n<p>Aus dickerem Garn mit 4er oder 5er Nadeln sind diese attraktiven Stulpen schnell gestrickt. Das Ajour-Blattmuster sieht besonders in dunklen Farben edel aus, wirkt aber mit helleren T\u00f6nen ebenfalls sehr sch\u00f6n.<\/p>\n<p>Hier klicken f\u00fcr das PDF:\u00a0<a href=\"http:\/\/evileu.de\/oddballs\/wp-content\/uploads\/2016\/10\/Herbstblattl_Inselfisch_bf.pdf\">Herbstblattl_Inselfisch_bf<\/a><\/p>\n<figure id=\"attachment_302\" aria-describedby=\"caption-attachment-302\" style=\"width: 1600px\" class=\"wp-caption aligncenter\"><a href=\"http:\/\/evileu.de\/oddballs\/wp-content\/uploads\/2016\/12\/herbstblattl_pink.jpg\"><img decoding=\"async\" loading=\"lazy\" class=\"size-full wp-image-302\" src=\"http:\/\/evileu.de\/oddballs\/wp-content\/uploads\/2016\/12\/herbstblattl_pink.jpg\" alt=\"Herbstblattl pink\" width=\"1600\" height=\"1200\" srcset=\"https:\/\/evileu.de\/oddballs\/wp-content\/uploads\/2016\/12\/herbstblattl_pink.jpg 1600w, https:\/\/evileu.de\/oddballs\/wp-content\/uploads\/2016\/12\/herbstblattl_pink-300x225.jpg 300w, https:\/\/evileu.de\/oddballs\/wp-content\/uploads\/2016\/12\/herbstblattl_pink-768x576.jpg 768w, https:\/\/evileu.de\/oddballs\/wp-content\/uploads\/2016\/12\/herbstblattl_pink-1024x768.jpg 1024w, https:\/\/evileu.de\/oddballs\/wp-content\/uploads\/2016\/12\/herbstblattl_pink-24x18.jpg 24w, https:\/\/evileu.de\/oddballs\/wp-content\/uploads\/2016\/12\/herbstblattl_pink-36x27.jpg 36w, https:\/\/evileu.de\/oddballs\/wp-content\/uploads\/2016\/12\/herbstblattl_pink-48x36.jpg 48w\" sizes=\"(max-width: 1600px) 100vw, 1600px\" \/><\/a><figcaption id=\"caption-attachment-302\" class=\"wp-caption-text\">Herbstblattl pink<\/figcaption><\/figure>\n<h2>Ajourmuster Milady<\/h2>\n<p>Dieses wundersch\u00f6ne traditionelle Ajourmuster mit dem doppelten geschwungenen Blattmotiv habe ich \u201eMilady\u201c genannt, nach einer Romanfigur einer eleganten Dame aus den drei Musketieren. Das Muster kann n\u00e4mlich leicht so alt sein, das tauchte schon in ganz, ganz alten Modeheften mit Stichzeichnungen auf, solche hatte meine Oma noch. Es erfordert zwar ein wenig Aufmerksamkeit, ist aber eigentlich gar nicht so schwer zu stricken. Hier ist der Link zur Anleitung:<\/p>\n<p><a href=\"http:\/\/evileu.de\/oddballs\/wp-content\/uploads\/2017\/11\/AjourmusterMilady_barrierefrei.pdf\">AjourmusterMilady_barrierefrei<\/a> als PDF<\/p>\n<figure id=\"attachment_1009\" aria-describedby=\"caption-attachment-1009\" style=\"width: 1600px\" class=\"wp-caption aligncenter\"><a href=\"http:\/\/evileu.de\/oddballs\/wp-content\/uploads\/2017\/11\/Biergartenj\u00e4ckchen.jpg\"><img decoding=\"async\" loading=\"lazy\" class=\"size-full wp-image-1009\" src=\"http:\/\/evileu.de\/oddballs\/wp-content\/uploads\/2017\/11\/Biergartenj\u00e4ckchen.jpg\" alt=\"Biergartenj\u00e4ckchen Milady rostrot\" width=\"1600\" height=\"1200\" srcset=\"https:\/\/evileu.de\/oddballs\/wp-content\/uploads\/2017\/11\/Biergartenj\u00e4ckchen.jpg 1600w, https:\/\/evileu.de\/oddballs\/wp-content\/uploads\/2017\/11\/Biergartenj\u00e4ckchen-300x225.jpg 300w, https:\/\/evileu.de\/oddballs\/wp-content\/uploads\/2017\/11\/Biergartenj\u00e4ckchen-768x576.jpg 768w, https:\/\/evileu.de\/oddballs\/wp-content\/uploads\/2017\/11\/Biergartenj\u00e4ckchen-1024x768.jpg 1024w\" sizes=\"(max-width: 1600px) 100vw, 1600px\" \/><\/a><figcaption id=\"caption-attachment-1009\" class=\"wp-caption-text\">Biergartenj\u00e4ckchen Milady rostrot<\/figcaption><\/figure>\n<h2>Ganz einfache Handstulpen &#8222;Christina&#8220;<\/h2>\n<p>Meine Nichte Christina ist jetzt ein Teenager und steht total auf schwarz. Es wurden Handstulpen gew\u00fcnscht, nur schwarz, kein Muster, keine Farben, einfach blo\u00df glatt rechts mit Daumen und sonst nix. Na gut, hab ich halt schwarz glatt rechts gestrickt, und die kleinen Dinger waren an einem Nachmittag fertig. Sowas fix Fertiges kann man immer mal brauchen, und weil sie so einfach zu stricken sind, hab ich gleich die Anleitung aufgeschrieben. Die Stulpen haben \u00fcbrigens eine prima Passform und liegen sehr sch\u00f6n an der Hand an.<\/p>\n<p><a href=\"http:\/\/evileu.de\/oddballs\/wp-content\/uploads\/2017\/12\/Christina_barrierefrei.pdf\">Christina_barrierefrei<\/a> (PDF)<\/p>\n<figure id=\"attachment_1020\" aria-describedby=\"caption-attachment-1020\" style=\"width: 1600px\" class=\"wp-caption aligncenter\"><a href=\"http:\/\/evileu.de\/oddballs\/wp-content\/uploads\/2017\/12\/christina_von_oben.jpg\"><img decoding=\"async\" loading=\"lazy\" class=\"size-full wp-image-1020\" src=\"http:\/\/evileu.de\/oddballs\/wp-content\/uploads\/2017\/12\/christina_von_oben.jpg\" alt=\"Handstulpen Christina von oben\" width=\"1600\" height=\"1200\" srcset=\"https:\/\/evileu.de\/oddballs\/wp-content\/uploads\/2017\/12\/christina_von_oben.jpg 1600w, https:\/\/evileu.de\/oddballs\/wp-content\/uploads\/2017\/12\/christina_von_oben-300x225.jpg 300w, https:\/\/evileu.de\/oddballs\/wp-content\/uploads\/2017\/12\/christina_von_oben-768x576.jpg 768w, https:\/\/evileu.de\/oddballs\/wp-content\/uploads\/2017\/12\/christina_von_oben-1024x768.jpg 1024w\" sizes=\"(max-width: 1600px) 100vw, 1600px\" \/><\/a><figcaption id=\"caption-attachment-1020\" class=\"wp-caption-text\">Handstulpen Christina von oben<\/figcaption><\/figure>\n<h2>Lace-Tuch Orenburg<\/h2>\n<p>Orenburg heisst eine Stadt in Sibirien, die f\u00fcr ihre wundersch\u00f6nen handgestrickten T\u00fccher bekannt ist. Davon gibt es zwei Varianten, einmal die hauchd\u00fcnnen Spitzent\u00fccher f\u00fcr die warme Jahreszeit, und dann noch die warmen T\u00fccher f\u00fcr den Winter. Die Wintert\u00fccher werden vor allem kraus rechts gestrickt, und von denen habe ich mich inspirieren lassen. Das kraus rechts Gestrick liegt sch\u00f6n flach und rollt sich nicht an den R\u00e4ndern, die mit einem kleinen Lochmuster abgeschlossen werden. Man muss es noch nicht einmal Spannen oder D\u00e4mpfen, wie das sonst bei Lace-T\u00fcchern \u00fcblich ist. Mein Orenburg-Tuch eignet sich ganz hervorragend f\u00fcr Lace-Garne mit langem Farbverlauf, da braucht es keine aufwendigen Muster, die Farben machen die ganze Wirkung. Es ist sehr einfach zu stricken, wenn man den Anfang einmal geschafft hat, kann man das Muster bald auswendig. Die Gr\u00f6sse kann man selbst bestimmen, von 150 Gramm Lacegarn kriegt man schon ein sch\u00f6nes Schultertuch, wer es gr\u00f6sser mag kann auch 200 Gramm Wolle nehmen.<\/p>\n<h2><a href=\"http:\/\/evileu.de\/oddballs\/wp-content\/uploads\/2018\/12\/orenburg_tuch_barrierefrei.pdf\">orenburg_tuch_barrierefrei<\/a><\/h2>\n<figure id=\"attachment_1253\" aria-describedby=\"caption-attachment-1253\" style=\"width: 1600px\" class=\"wp-caption aligncenter\"><a href=\"http:\/\/evileu.de\/oddballs\/wp-content\/uploads\/2018\/12\/streifen.jpg\"><img decoding=\"async\" loading=\"lazy\" id=\"longdesc-return-1253\" class=\"size-full wp-image-1253\" tabindex=\"-1\" src=\"http:\/\/evileu.de\/oddballs\/wp-content\/uploads\/2018\/12\/streifen.jpg\" alt=\"streifen\" width=\"1600\" height=\"1200\" longdesc=\"http:\/\/evileu.de\/oddballs?longdesc=1253&amp;referrer=818\" srcset=\"https:\/\/evileu.de\/oddballs\/wp-content\/uploads\/2018\/12\/streifen.jpg 1600w, https:\/\/evileu.de\/oddballs\/wp-content\/uploads\/2018\/12\/streifen-300x225.jpg 300w, https:\/\/evileu.de\/oddballs\/wp-content\/uploads\/2018\/12\/streifen-768x576.jpg 768w, https:\/\/evileu.de\/oddballs\/wp-content\/uploads\/2018\/12\/streifen-1024x768.jpg 1024w\" sizes=\"(max-width: 1600px) 100vw, 1600px\" \/><\/a><figcaption id=\"caption-attachment-1253\" class=\"wp-caption-text\">streifen<\/figcaption><\/figure>\n<\/div>\n","protected":false},"excerpt":{"rendered":"<p>Ich bin gerade dabei, alle meine Anleitungen als PDFs zu \u00fcberarbeiten und\u00a0 nach M\u00f6glicjkeit barrierefrei zu gestalten. Damit m\u00f6chte ich meinen BesucherInnen mit Handicap einen besonderen Service bieten, damit auch jene, die auf Screenreader etc. angewiesen sind, meine Handarbeitsanleitungen m\u00f6glichst gut lesen und nachvollziehen k\u00f6nnen. Ich w\u00fcnsche allen viel Vergn\u00fcgen beim Nacharbeiten! Gestrickter Quilt aus &hellip; <a href=\"https:\/\/evileu.de\/oddballs\/barrierefreie-anleitungen-als-pdfs\/\" class=\"more-link\"><span class=\"screen-reader-text\">Barrierefreie Anleitungen als PDFs<\/span> weiterlesen <span class=\"meta-nav\">&rarr;<\/span><\/a><\/p>\n","protected":false},"author":1,"featured_media":0,"parent":0,"menu_order":7,"comment_status":"closed","ping_status":"closed","template":"","meta":[],"_links":{"self":[{"href":"https:\/\/evileu.de\/oddballs\/wp-json\/wp\/v2\/pages\/818"}],"collection":[{"href":"https:\/\/evileu.de\/oddballs\/wp-json\/wp\/v2\/pages"}],"about":[{"href":"https:\/\/evileu.de\/oddballs\/wp-json\/wp\/v2\/types\/page"}],"author":[{"embeddable":true,"href":"https:\/\/evileu.de\/oddballs\/wp-json\/wp\/v2\/users\/1"}],"replies":[{"embeddable":true,"href":"https:\/\/evileu.de\/oddballs\/wp-json\/wp\/v2\/comments?post=818"}],"version-history":[{"count":31,"href":"https:\/\/evileu.de\/oddballs\/wp-json\/wp\/v2\/pages\/818\/revisions"}],"predecessor-version":[{"id":1263,"href":"https:\/\/evileu.de\/oddballs\/wp-json\/wp\/v2\/pages\/818\/revisions\/1263"}],"wp:attachment":[{"href":"https:\/\/evileu.de\/oddballs\/wp-json\/wp\/v2\/media?parent=818"}],"curies":[{"name":"wp","href":"https:\/\/api.w.org\/{rel}","templated":true}]}}