{"id":42,"date":"2016-11-14T02:30:37","date_gmt":"2016-11-14T01:30:37","guid":{"rendered":"http:\/\/evileu.de\/oddballs\/?page_id=42"},"modified":"2019-08-21T11:31:36","modified_gmt":"2019-08-21T09:31:36","slug":"tuecher-und-schals","status":"publish","type":"page","link":"https:\/\/evileu.de\/oddballs\/alle_anleitungen\/tuecher-und-schals\/","title":{"rendered":"T\u00fccher und Schals"},"content":{"rendered":"<h2>\u00a0Ajour-Blattmuster f\u00fcr Dreieckst\u00fccher (selbst entworfen)<\/h2>\n<figure id=\"attachment_37\" aria-describedby=\"caption-attachment-37\" style=\"width: 300px\" class=\"wp-caption aligncenter\"><a href=\"http:\/\/evileu.de\/oddballs\/wp-content\/uploads\/2016\/11\/DSCN0354.jpg\"><img decoding=\"async\" loading=\"lazy\" class=\"wp-image-37 size-medium\" src=\"http:\/\/evileu.de\/oddballs\/wp-content\/uploads\/2016\/11\/DSCN0354-300x225.jpg\" alt=\"ajour blattmuster apricot\" width=\"300\" height=\"225\" srcset=\"https:\/\/evileu.de\/oddballs\/wp-content\/uploads\/2016\/11\/DSCN0354-300x225.jpg 300w, https:\/\/evileu.de\/oddballs\/wp-content\/uploads\/2016\/11\/DSCN0354-768x576.jpg 768w, https:\/\/evileu.de\/oddballs\/wp-content\/uploads\/2016\/11\/DSCN0354-1024x768.jpg 1024w, https:\/\/evileu.de\/oddballs\/wp-content\/uploads\/2016\/11\/DSCN0354.jpg 1600w\" sizes=\"(max-width: 300px) 100vw, 300px\" \/><\/a><figcaption id=\"caption-attachment-37\" class=\"wp-caption-text\">ajour blattmuster apricot<\/figcaption><\/figure>\n<p>Dieses wundersch\u00f6ne Ajourmuster erfordert etwas Aufmerksamkeit beim Stricken, aber das Ergebnis ist der M\u00fche wert!<\/p>\n<h3><a href=\"http:\/\/evileu.de\/oddballs\/wp-content\/uploads\/2016\/11\/ajour-Blattmuster-Eigenbau-inselfisch.pdf\">ajour-blattmuster als PDF<\/a><\/h3>\n<p><a href=\"http:\/\/evileu.de\/oddballs\/wp-content\/uploads\/2016\/11\/trenner_oddballs.jpg\"><img decoding=\"async\" loading=\"lazy\" class=\"aligncenter wp-image-81 size-full\" src=\"http:\/\/evileu.de\/oddballs\/wp-content\/uploads\/2016\/11\/trenner_oddballs.jpg\" alt=\"trenner_oddballs\" width=\"800\" height=\"67\" srcset=\"https:\/\/evileu.de\/oddballs\/wp-content\/uploads\/2016\/11\/trenner_oddballs.jpg 800w, https:\/\/evileu.de\/oddballs\/wp-content\/uploads\/2016\/11\/trenner_oddballs-300x25.jpg 300w, https:\/\/evileu.de\/oddballs\/wp-content\/uploads\/2016\/11\/trenner_oddballs-768x64.jpg 768w, https:\/\/evileu.de\/oddballs\/wp-content\/uploads\/2016\/11\/trenner_oddballs-24x2.jpg 24w, https:\/\/evileu.de\/oddballs\/wp-content\/uploads\/2016\/11\/trenner_oddballs-36x3.jpg 36w, https:\/\/evileu.de\/oddballs\/wp-content\/uploads\/2016\/11\/trenner_oddballs-48x4.jpg 48w\" sizes=\"(max-width: 800px) 100vw, 800px\" \/><\/a><\/p>\n<h2>Simples gestricktes Dreieckstuch &#8222;Annamirl&#8220;<\/h2>\n<p><strong>Anleitung f\u00fcr:<\/strong> Schals und T\u00fccher \u00a0\u00a0\u00a0 <strong>Garn:<\/strong> Wolle oder Wollmischungen \u00a0\u00a0\u00a0 <strong>Handarbeitsart:<\/strong> Stricken<br \/>\n<strong>Konfektion:<\/strong> nach Bedarf \u00a0\u00a0\u00a0 <strong>Maschenprobe:<\/strong> keine<br \/>\n<strong>Nadelst\u00e4rke:<\/strong> Eine Nummer gr\u00f6sser als f\u00fcr glatt rechts<\/p>\n<figure style=\"width: 333px\" class=\"wp-caption alignnone\"><img decoding=\"async\" loading=\"lazy\" class=\"border left\" src=\"http:\/\/www.strickcommunity.net\/image\/53be55e525b4d_x250.jpg\" alt=\"annamirl grau\" width=\"333\" height=\"250\" border=\"0\" \/><figcaption class=\"wp-caption-text\">annamirl grau<\/figcaption><\/figure>\n<figure style=\"width: 1600px\" class=\"wp-caption aligncenter\"><a href=\"http:\/\/evileu.de\/oddballs\/wp-content\/uploads\/2017\/09\/annamirl_fertig.jpg\"><img decoding=\"async\" loading=\"lazy\" id=\"longdesc-return-834\" class=\"size-full wp-image-834\" tabindex=\"-1\" src=\"http:\/\/evileu.de\/oddballs\/wp-content\/uploads\/2017\/09\/annamirl_fertig.jpg\" alt=\"annamirl fertig\" width=\"1600\" height=\"1200\" longdesc=\"http:\/\/evileu.de\/oddballs?longdesc=834&amp;referrer=42\" srcset=\"https:\/\/evileu.de\/oddballs\/wp-content\/uploads\/2017\/09\/annamirl_fertig.jpg 1600w, https:\/\/evileu.de\/oddballs\/wp-content\/uploads\/2017\/09\/annamirl_fertig-300x225.jpg 300w, https:\/\/evileu.de\/oddballs\/wp-content\/uploads\/2017\/09\/annamirl_fertig-768x576.jpg 768w, https:\/\/evileu.de\/oddballs\/wp-content\/uploads\/2017\/09\/annamirl_fertig-1024x768.jpg 1024w\" sizes=\"(max-width: 1600px) 100vw, 1600px\" \/><\/a><figcaption class=\"wp-caption-text\">annamirl fertig<\/figcaption><\/figure>\n<p>Ich habe lange nach einer Anleitung f\u00fcr ein einfach kraus rechts gestricktes Dreieckstuch gesucht, das in der Mitte angefangen wird, und keine gefunden. Na, dann schreib ich sie halt selber, hab ich mir gesagt, und da ist sie:<\/p>\n<h3><a href=\"http:\/\/evileu.de\/oddballs\/wp-content\/uploads\/2016\/11\/annamirl.pdf\">annamirl<\/a> als PDF<\/h3>\n<figure style=\"width: 540px\" class=\"wp-caption alignnone\"><img decoding=\"async\" loading=\"lazy\" id=\"tagimg\" class=\"image\" src=\"http:\/\/www.strickcommunity.net\/image\/53c2b67066908_540x.jpg\" alt=\"annamirl grau-rot\" width=\"540\" height=\"405\" border=\"0\" \/><figcaption class=\"wp-caption-text\">annamirl grau-rot<\/figcaption><\/figure>\n<p><a href=\"http:\/\/evileu.de\/oddballs\/wp-content\/uploads\/2016\/11\/trenner_oddballs.jpg\"><img decoding=\"async\" loading=\"lazy\" class=\"aligncenter size-full wp-image-81\" src=\"http:\/\/evileu.de\/oddballs\/wp-content\/uploads\/2016\/11\/trenner_oddballs.jpg\" alt=\"trenner_oddballs\" width=\"800\" height=\"67\" srcset=\"https:\/\/evileu.de\/oddballs\/wp-content\/uploads\/2016\/11\/trenner_oddballs.jpg 800w, https:\/\/evileu.de\/oddballs\/wp-content\/uploads\/2016\/11\/trenner_oddballs-300x25.jpg 300w, https:\/\/evileu.de\/oddballs\/wp-content\/uploads\/2016\/11\/trenner_oddballs-768x64.jpg 768w, https:\/\/evileu.de\/oddballs\/wp-content\/uploads\/2016\/11\/trenner_oddballs-24x2.jpg 24w, https:\/\/evileu.de\/oddballs\/wp-content\/uploads\/2016\/11\/trenner_oddballs-36x3.jpg 36w, https:\/\/evileu.de\/oddballs\/wp-content\/uploads\/2016\/11\/trenner_oddballs-48x4.jpg 48w\" sizes=\"(max-width: 800px) 100vw, 800px\" \/><\/a><\/p>\n<h2>Patchwork Wingspan \u00e1 la Inselfisch<\/h2>\n<p>Wollresteverwertung vom Feinsten!<\/p>\n<figure id=\"attachment_223\" aria-describedby=\"caption-attachment-223\" style=\"width: 225px\" class=\"wp-caption aligncenter\"><a href=\"http:\/\/evileu.de\/oddballs\/wp-content\/uploads\/2016\/11\/pw-braun.jpg\"><img decoding=\"async\" loading=\"lazy\" class=\"wp-image-223 size-medium\" src=\"http:\/\/evileu.de\/oddballs\/wp-content\/uploads\/2016\/11\/pw-braun-225x300.jpg\" alt=\"patchwork wingspan braun\" width=\"225\" height=\"300\" srcset=\"https:\/\/evileu.de\/oddballs\/wp-content\/uploads\/2016\/11\/pw-braun-225x300.jpg 225w, https:\/\/evileu.de\/oddballs\/wp-content\/uploads\/2016\/11\/pw-braun-18x24.jpg 18w, https:\/\/evileu.de\/oddballs\/wp-content\/uploads\/2016\/11\/pw-braun-27x36.jpg 27w, https:\/\/evileu.de\/oddballs\/wp-content\/uploads\/2016\/11\/pw-braun-36x48.jpg 36w, https:\/\/evileu.de\/oddballs\/wp-content\/uploads\/2016\/11\/pw-braun.jpg 540w\" sizes=\"(max-width: 225px) 100vw, 225px\" \/><\/a><figcaption id=\"caption-attachment-223\" class=\"wp-caption-text\">patchwork wingspan braun<\/figcaption><\/figure>\n<p>Garnverbrauch:<br \/>\nJe nach dem mit welcher Nadelst\u00e4rke gestrickt wird, f\u00e4llt das nat\u00fcrlich unterschiedlich aus. Aber als Faustregel kann man es so nehmen;<br \/>\n2 Kn\u00e4uel (100g) in der Hauptfarbe, je 1 1\/2 Kn\u00e4uel (75 g) in der zweiten und dritten Farbe, 1 Kn\u00e4uel (50 g) in der vierten Farbe. Das ist reichlich bemessen, es werden noch Restchen \u00fcbrigbleiben.<\/p>\n<figure id=\"attachment_224\" aria-describedby=\"caption-attachment-224\" style=\"width: 300px\" class=\"wp-caption aligncenter\"><a href=\"http:\/\/evileu.de\/oddballs\/wp-content\/uploads\/2016\/11\/pw-grau.jpg\"><img decoding=\"async\" loading=\"lazy\" class=\"wp-image-224 size-medium\" src=\"http:\/\/evileu.de\/oddballs\/wp-content\/uploads\/2016\/11\/pw-grau-300x225.jpg\" alt=\"patchwork wingspan grau\" width=\"300\" height=\"225\" srcset=\"https:\/\/evileu.de\/oddballs\/wp-content\/uploads\/2016\/11\/pw-grau-300x225.jpg 300w, https:\/\/evileu.de\/oddballs\/wp-content\/uploads\/2016\/11\/pw-grau-24x18.jpg 24w, https:\/\/evileu.de\/oddballs\/wp-content\/uploads\/2016\/11\/pw-grau-36x27.jpg 36w, https:\/\/evileu.de\/oddballs\/wp-content\/uploads\/2016\/11\/pw-grau-48x36.jpg 48w, https:\/\/evileu.de\/oddballs\/wp-content\/uploads\/2016\/11\/pw-grau.jpg 540w\" sizes=\"(max-width: 300px) 100vw, 300px\" \/><\/a><figcaption id=\"caption-attachment-224\" class=\"wp-caption-text\">patchwork wingspan grau<\/figcaption><\/figure>\n<p>Hier kommt die Anleitung, ich habe diesmal ein Diagramm daf\u00fcr verwendet, damit man die Farbverteilung\u00a0 gut sieht:<\/p>\n<h3><a href=\"http:\/\/evileu.de\/oddballs\/wp-content\/uploads\/2016\/11\/PW_wingspan_schema_inselfisch.pdf\">patchwork wingspan schema<\/a> als PDF<\/h3>\n<p><a href=\"http:\/\/evileu.de\/oddballs\/wp-content\/uploads\/2016\/11\/trenner_oddballs-1.jpg\"><img decoding=\"async\" loading=\"lazy\" class=\"aligncenter size-full wp-image-165\" src=\"http:\/\/evileu.de\/oddballs\/wp-content\/uploads\/2016\/11\/trenner_oddballs-1.jpg\" alt=\"trenner_oddballs\" width=\"800\" height=\"67\" srcset=\"https:\/\/evileu.de\/oddballs\/wp-content\/uploads\/2016\/11\/trenner_oddballs-1.jpg 800w, https:\/\/evileu.de\/oddballs\/wp-content\/uploads\/2016\/11\/trenner_oddballs-1-300x25.jpg 300w, https:\/\/evileu.de\/oddballs\/wp-content\/uploads\/2016\/11\/trenner_oddballs-1-768x64.jpg 768w, https:\/\/evileu.de\/oddballs\/wp-content\/uploads\/2016\/11\/trenner_oddballs-1-24x2.jpg 24w, https:\/\/evileu.de\/oddballs\/wp-content\/uploads\/2016\/11\/trenner_oddballs-1-36x3.jpg 36w, https:\/\/evileu.de\/oddballs\/wp-content\/uploads\/2016\/11\/trenner_oddballs-1-48x4.jpg 48w\" sizes=\"(max-width: 800px) 100vw, 800px\" \/><\/a><\/p>\n<h1 class=\"entry-title\">WIRKLICH EINFACHES AJOUR-BLATTMUSTER<\/h1>\n<figure id=\"attachment_1305\" aria-describedby=\"caption-attachment-1305\" style=\"width: 1600px\" class=\"wp-caption aligncenter\"><a href=\"http:\/\/evileu.de\/oddballs\/wp-content\/uploads\/2019\/08\/ajour_blattmuster_nahaufnahme.jpg\"><img decoding=\"async\" loading=\"lazy\" class=\"size-full wp-image-1305\" src=\"http:\/\/evileu.de\/oddballs\/wp-content\/uploads\/2019\/08\/ajour_blattmuster_nahaufnahme.jpg\" alt=\"ajour_blattmuster_nahaufnahme\" width=\"1600\" height=\"1200\" srcset=\"https:\/\/evileu.de\/oddballs\/wp-content\/uploads\/2019\/08\/ajour_blattmuster_nahaufnahme.jpg 1600w, https:\/\/evileu.de\/oddballs\/wp-content\/uploads\/2019\/08\/ajour_blattmuster_nahaufnahme-300x225.jpg 300w, https:\/\/evileu.de\/oddballs\/wp-content\/uploads\/2019\/08\/ajour_blattmuster_nahaufnahme-768x576.jpg 768w, https:\/\/evileu.de\/oddballs\/wp-content\/uploads\/2019\/08\/ajour_blattmuster_nahaufnahme-1024x768.jpg 1024w\" sizes=\"(max-width: 1600px) 100vw, 1600px\" \/><\/a><figcaption id=\"caption-attachment-1305\" class=\"wp-caption-text\">ajour_blattmuster_nahaufnahme<\/figcaption><\/figure>\n<p>Da ich beim rumsuchen bei Tante Google kein wirklich einfaches Ajourmuster, das mir gefallen hat, gefunden habe, hab ich mir selbst eins geschrieben. Ich wollte einen no-Brainer den man auswendig stricken kann,\u00a0das Strickzeug sollte transportabel sein. Es ist speziell f\u00fcr Dreieckst\u00fccher geschrieben, ich liebe Wollt\u00fccher obendr\u00fcber und trage sie mit Begeisterung den ganzen Winter. Es ist ein einfaches, aber sehr dekoratives Blatt- oder Rautenmuster, und den Rapport kann man nach ein paar Wiederholungen auswendig.<\/p>\n<h2><a href=\"http:\/\/evileu.de\/oddballs\/wp-content\/uploads\/2019\/08\/ajour_blattmuster_dreiecktuch.pdf\">ajour_blattmuster_dreiecktuch<\/a><\/h2>\n","protected":false},"excerpt":{"rendered":"<p>\u00a0Ajour-Blattmuster f\u00fcr Dreieckst\u00fccher (selbst entworfen) Dieses wundersch\u00f6ne Ajourmuster erfordert etwas Aufmerksamkeit beim Stricken, aber das Ergebnis ist der M\u00fche wert! ajour-blattmuster als PDF Simples gestricktes Dreieckstuch &#8222;Annamirl&#8220; Anleitung f\u00fcr: Schals und T\u00fccher \u00a0\u00a0\u00a0 Garn: Wolle oder Wollmischungen \u00a0\u00a0\u00a0 Handarbeitsart: Stricken Konfektion: nach Bedarf \u00a0\u00a0\u00a0 Maschenprobe: keine Nadelst\u00e4rke: Eine Nummer gr\u00f6sser als f\u00fcr glatt rechts Ich &hellip; <a href=\"https:\/\/evileu.de\/oddballs\/alle_anleitungen\/tuecher-und-schals\/\" class=\"more-link\"><span class=\"screen-reader-text\">T\u00fccher und Schals<\/span> weiterlesen <span class=\"meta-nav\">&rarr;<\/span><\/a><\/p>\n","protected":false},"author":1,"featured_media":0,"parent":2,"menu_order":0,"comment_status":"open","ping_status":"closed","template":"","meta":[],"_links":{"self":[{"href":"https:\/\/evileu.de\/oddballs\/wp-json\/wp\/v2\/pages\/42"}],"collection":[{"href":"https:\/\/evileu.de\/oddballs\/wp-json\/wp\/v2\/pages"}],"about":[{"href":"https:\/\/evileu.de\/oddballs\/wp-json\/wp\/v2\/types\/page"}],"author":[{"embeddable":true,"href":"https:\/\/evileu.de\/oddballs\/wp-json\/wp\/v2\/users\/1"}],"replies":[{"embeddable":true,"href":"https:\/\/evileu.de\/oddballs\/wp-json\/wp\/v2\/comments?post=42"}],"version-history":[{"count":18,"href":"https:\/\/evileu.de\/oddballs\/wp-json\/wp\/v2\/pages\/42\/revisions"}],"predecessor-version":[{"id":1308,"href":"https:\/\/evileu.de\/oddballs\/wp-json\/wp\/v2\/pages\/42\/revisions\/1308"}],"up":[{"embeddable":true,"href":"https:\/\/evileu.de\/oddballs\/wp-json\/wp\/v2\/pages\/2"}],"wp:attachment":[{"href":"https:\/\/evileu.de\/oddballs\/wp-json\/wp\/v2\/media?parent=42"}],"curies":[{"name":"wp","href":"https:\/\/api.w.org\/{rel}","templated":true}]}}