{"id":344,"date":"2016-12-02T10:07:36","date_gmt":"2016-12-02T09:07:36","guid":{"rendered":"http:\/\/evileu.de\/oddballs\/?page_id=344"},"modified":"2018-11-23T07:02:14","modified_gmt":"2018-11-23T06:02:14","slug":"westen","status":"publish","type":"page","link":"https:\/\/evileu.de\/oddballs\/galerie\/westen\/","title":{"rendered":"Westen"},"content":{"rendered":"<h2>Ich liebe Westen!<\/h2>\n<p>Pullover sind mir immer zu warm , ausserdem kriege ich &#8222;elektrische&#8220; Haare, wenn ich mir einen Wollpullover \u00fcber den Kopf ziehe. Strickjacken sind meist zu volumin\u00f6s, da kriegt man ganz schlecht noch eine Jacke oder einen Mantel dr\u00fcber, und ausserdem sind mir die \u00c4rmel immer im Weg, die tunke ich ganz schnell mal in den Kaffee oder in die Suppe \ud83d\ude09<\/p>\n<p>Also stricke und trage ich mit Vorliebe \u00e4rmellose Westen. Die sind auch bei meinen Freudninnen sehr beliebt, ich habe schon ganz viele sch\u00f6ne Westen verschenkt.<\/p>\n<p>Hier kommt mal zuerst mein absolutes Lieblingsst\u00fcck, eine Patchworkweste in Braun und Rostt\u00f6nen, die hab ich bestimmt schon 20 Jahre und trage sie im Winter fast t\u00e4glich:<\/p>\n<figure id=\"attachment_346\" aria-describedby=\"caption-attachment-346\" style=\"width: 720px\" class=\"wp-caption aligncenter\"><a href=\"http:\/\/evileu.de\/oddballs\/wp-content\/uploads\/2016\/12\/lieblingsweste.jpg\"><img decoding=\"async\" loading=\"lazy\" class=\"size-full wp-image-346\" src=\"http:\/\/evileu.de\/oddballs\/wp-content\/uploads\/2016\/12\/lieblingsweste.jpg\" alt=\"lieblingsweste\" width=\"720\" height=\"960\" srcset=\"https:\/\/evileu.de\/oddballs\/wp-content\/uploads\/2016\/12\/lieblingsweste.jpg 720w, https:\/\/evileu.de\/oddballs\/wp-content\/uploads\/2016\/12\/lieblingsweste-225x300.jpg 225w, https:\/\/evileu.de\/oddballs\/wp-content\/uploads\/2016\/12\/lieblingsweste-18x24.jpg 18w, https:\/\/evileu.de\/oddballs\/wp-content\/uploads\/2016\/12\/lieblingsweste-27x36.jpg 27w, https:\/\/evileu.de\/oddballs\/wp-content\/uploads\/2016\/12\/lieblingsweste-36x48.jpg 36w\" sizes=\"(max-width: 720px) 100vw, 720px\" \/><\/a><figcaption id=\"caption-attachment-346\" class=\"wp-caption-text\">lieblingsweste<\/figcaption><\/figure>\n<p>Dann habe ich noch ein paar andere Lieblingsst\u00fccke in Patchworktechnik, die ich auch oft anziehe.<\/p>\n<h2>Lieblingsst\u00fccke<\/h2>\n<figure id=\"attachment_349\" aria-describedby=\"caption-attachment-349\" style=\"width: 720px\" class=\"wp-caption aligncenter\"><a href=\"http:\/\/evileu.de\/oddballs\/wp-content\/uploads\/2016\/12\/muscheln.jpg\"><img decoding=\"async\" loading=\"lazy\" class=\"size-full wp-image-349\" src=\"http:\/\/evileu.de\/oddballs\/wp-content\/uploads\/2016\/12\/muscheln.jpg\" alt=\"Muschelweste\" width=\"720\" height=\"960\" srcset=\"https:\/\/evileu.de\/oddballs\/wp-content\/uploads\/2016\/12\/muscheln.jpg 720w, https:\/\/evileu.de\/oddballs\/wp-content\/uploads\/2016\/12\/muscheln-225x300.jpg 225w, https:\/\/evileu.de\/oddballs\/wp-content\/uploads\/2016\/12\/muscheln-18x24.jpg 18w, https:\/\/evileu.de\/oddballs\/wp-content\/uploads\/2016\/12\/muscheln-27x36.jpg 27w, https:\/\/evileu.de\/oddballs\/wp-content\/uploads\/2016\/12\/muscheln-36x48.jpg 36w\" sizes=\"(max-width: 720px) 100vw, 720px\" \/><\/a><figcaption id=\"caption-attachment-349\" class=\"wp-caption-text\">Muschelweste<\/figcaption><\/figure>\n<figure id=\"attachment_347\" aria-describedby=\"caption-attachment-347\" style=\"width: 1200px\" class=\"wp-caption aligncenter\"><a href=\"http:\/\/evileu.de\/oddballs\/wp-content\/uploads\/2016\/12\/eggstaett.jpg\"><img decoding=\"async\" loading=\"lazy\" class=\"size-full wp-image-347\" src=\"http:\/\/evileu.de\/oddballs\/wp-content\/uploads\/2016\/12\/eggstaett.jpg\" alt=\"Weste &quot;Eggst\u00e4dt&quot; in Braunt\u00f6nen\" width=\"1200\" height=\"1600\" srcset=\"https:\/\/evileu.de\/oddballs\/wp-content\/uploads\/2016\/12\/eggstaett.jpg 1200w, https:\/\/evileu.de\/oddballs\/wp-content\/uploads\/2016\/12\/eggstaett-225x300.jpg 225w, https:\/\/evileu.de\/oddballs\/wp-content\/uploads\/2016\/12\/eggstaett-768x1024.jpg 768w, https:\/\/evileu.de\/oddballs\/wp-content\/uploads\/2016\/12\/eggstaett-18x24.jpg 18w, https:\/\/evileu.de\/oddballs\/wp-content\/uploads\/2016\/12\/eggstaett-27x36.jpg 27w, https:\/\/evileu.de\/oddballs\/wp-content\/uploads\/2016\/12\/eggstaett-36x48.jpg 36w\" sizes=\"(max-width: 1200px) 100vw, 1200px\" \/><\/a><figcaption id=\"caption-attachment-347\" class=\"wp-caption-text\">Weste &#8222;Eggst\u00e4dt&#8220;<\/figcaption><\/figure>\n<figure id=\"attachment_348\" aria-describedby=\"caption-attachment-348\" style=\"width: 1200px\" class=\"wp-caption aligncenter\"><a href=\"http:\/\/evileu.de\/oddballs\/wp-content\/uploads\/2016\/12\/gladiolen.jpg\"><img decoding=\"async\" loading=\"lazy\" class=\"size-full wp-image-348\" src=\"http:\/\/evileu.de\/oddballs\/wp-content\/uploads\/2016\/12\/gladiolen.jpg\" alt=\"Weste Gladiolen-Farben\" width=\"1200\" height=\"1600\" srcset=\"https:\/\/evileu.de\/oddballs\/wp-content\/uploads\/2016\/12\/gladiolen.jpg 1200w, https:\/\/evileu.de\/oddballs\/wp-content\/uploads\/2016\/12\/gladiolen-225x300.jpg 225w, https:\/\/evileu.de\/oddballs\/wp-content\/uploads\/2016\/12\/gladiolen-768x1024.jpg 768w, https:\/\/evileu.de\/oddballs\/wp-content\/uploads\/2016\/12\/gladiolen-18x24.jpg 18w, https:\/\/evileu.de\/oddballs\/wp-content\/uploads\/2016\/12\/gladiolen-27x36.jpg 27w, https:\/\/evileu.de\/oddballs\/wp-content\/uploads\/2016\/12\/gladiolen-36x48.jpg 36w\" sizes=\"(max-width: 1200px) 100vw, 1200px\" \/><\/a><figcaption id=\"caption-attachment-348\" class=\"wp-caption-text\">Weste Gladiolen-Farben<\/figcaption><\/figure>\n<h2>Geh\u00e4kelte Weste<\/h2>\n<p>Und hier kommt noch ein geh\u00e4kelte Lieblingsst\u00fcck, ein richtiges Flower-Power-Teil aus h\u00fcbschen &#8222;Somalia&#8220;-Patches. Die macht gute Laune an grauen Wintertagen!<\/p>\n<figure id=\"attachment_350\" aria-describedby=\"caption-attachment-350\" style=\"width: 3456px\" class=\"wp-caption aligncenter\"><a href=\"http:\/\/evileu.de\/oddballs\/wp-content\/uploads\/2016\/12\/somalia.jpg\"><img decoding=\"async\" loading=\"lazy\" class=\"size-full wp-image-350\" src=\"http:\/\/evileu.de\/oddballs\/wp-content\/uploads\/2016\/12\/somalia.jpg\" alt=\"somalia\" width=\"3456\" height=\"4608\" srcset=\"https:\/\/evileu.de\/oddballs\/wp-content\/uploads\/2016\/12\/somalia.jpg 3456w, https:\/\/evileu.de\/oddballs\/wp-content\/uploads\/2016\/12\/somalia-225x300.jpg 225w, https:\/\/evileu.de\/oddballs\/wp-content\/uploads\/2016\/12\/somalia-768x1024.jpg 768w, https:\/\/evileu.de\/oddballs\/wp-content\/uploads\/2016\/12\/somalia-18x24.jpg 18w, https:\/\/evileu.de\/oddballs\/wp-content\/uploads\/2016\/12\/somalia-27x36.jpg 27w, https:\/\/evileu.de\/oddballs\/wp-content\/uploads\/2016\/12\/somalia-36x48.jpg 36w\" sizes=\"(max-width: 3456px) 100vw, 3456px\" \/><\/a><figcaption id=\"caption-attachment-350\" class=\"wp-caption-text\">somalia<\/figcaption><\/figure>\n<figure id=\"attachment_351\" aria-describedby=\"caption-attachment-351\" style=\"width: 1600px\" class=\"wp-caption aligncenter\"><a href=\"http:\/\/evileu.de\/oddballs\/wp-content\/uploads\/2016\/12\/somalia-nahaufnahme.jpg\"><img decoding=\"async\" loading=\"lazy\" class=\"wp-image-351 size-full\" src=\"http:\/\/evileu.de\/oddballs\/wp-content\/uploads\/2016\/12\/somalia-nahaufnahme.jpg\" alt=\"somalia nahaufnahme\" width=\"1600\" height=\"1200\" srcset=\"https:\/\/evileu.de\/oddballs\/wp-content\/uploads\/2016\/12\/somalia-nahaufnahme.jpg 1600w, https:\/\/evileu.de\/oddballs\/wp-content\/uploads\/2016\/12\/somalia-nahaufnahme-300x225.jpg 300w, https:\/\/evileu.de\/oddballs\/wp-content\/uploads\/2016\/12\/somalia-nahaufnahme-768x576.jpg 768w, https:\/\/evileu.de\/oddballs\/wp-content\/uploads\/2016\/12\/somalia-nahaufnahme-1024x768.jpg 1024w, https:\/\/evileu.de\/oddballs\/wp-content\/uploads\/2016\/12\/somalia-nahaufnahme-24x18.jpg 24w, https:\/\/evileu.de\/oddballs\/wp-content\/uploads\/2016\/12\/somalia-nahaufnahme-36x27.jpg 36w, https:\/\/evileu.de\/oddballs\/wp-content\/uploads\/2016\/12\/somalia-nahaufnahme-48x36.jpg 48w\" sizes=\"(max-width: 1600px) 100vw, 1600px\" \/><\/a><figcaption id=\"caption-attachment-351\" class=\"wp-caption-text\">somalia nahaufnahme<\/figcaption><\/figure>\n<h2>Feinarbeit aus Sockenwolle<\/h2>\n<p>Das N\u00e4chste ist ein besonders feines St\u00fcckerl, die habe ich mit 2,5er Nadeln aus d\u00fcnner Sockenwolle gestrickt, das war eine Heidenarbeit. Aber sie ist sch\u00f6n leicht und ideal f\u00fcr den \u00dcbergang:<\/p>\n<figure id=\"attachment_355\" aria-describedby=\"caption-attachment-355\" style=\"width: 300px\" class=\"wp-caption aligncenter\"><a href=\"http:\/\/evileu.de\/oddballs\/wp-content\/uploads\/2016\/12\/allerleirauh.jpg\"><img decoding=\"async\" loading=\"lazy\" class=\"wp-image-355 size-full\" src=\"http:\/\/evileu.de\/oddballs\/wp-content\/uploads\/2016\/12\/allerleirauh.jpg\" alt=\"weste allerleirauh\" width=\"300\" height=\"400\" srcset=\"https:\/\/evileu.de\/oddballs\/wp-content\/uploads\/2016\/12\/allerleirauh.jpg 300w, https:\/\/evileu.de\/oddballs\/wp-content\/uploads\/2016\/12\/allerleirauh-225x300.jpg 225w, https:\/\/evileu.de\/oddballs\/wp-content\/uploads\/2016\/12\/allerleirauh-18x24.jpg 18w, https:\/\/evileu.de\/oddballs\/wp-content\/uploads\/2016\/12\/allerleirauh-27x36.jpg 27w, https:\/\/evileu.de\/oddballs\/wp-content\/uploads\/2016\/12\/allerleirauh-36x48.jpg 36w\" sizes=\"(max-width: 300px) 100vw, 300px\" \/><\/a><figcaption id=\"caption-attachment-355\" class=\"wp-caption-text\">weste allerleirauh<\/figcaption><\/figure>\n<h2>Mollige Winterweste<\/h2>\n<p>Hier ein extra warmes und molliges Teil im Zopfmuster, das ist was f\u00fcr klirrend kalte Tage:<\/p>\n<figure id=\"attachment_356\" aria-describedby=\"caption-attachment-356\" style=\"width: 400px\" class=\"wp-caption aligncenter\"><a href=\"http:\/\/evileu.de\/oddballs\/wp-content\/uploads\/2016\/12\/burgundzoepfe.jpg\"><img decoding=\"async\" loading=\"lazy\" class=\"wp-image-356 size-full\" src=\"http:\/\/evileu.de\/oddballs\/wp-content\/uploads\/2016\/12\/burgundzoepfe.jpg\" alt=\"burgund mit zoepfen\" width=\"400\" height=\"508\" srcset=\"https:\/\/evileu.de\/oddballs\/wp-content\/uploads\/2016\/12\/burgundzoepfe.jpg 400w, https:\/\/evileu.de\/oddballs\/wp-content\/uploads\/2016\/12\/burgundzoepfe-236x300.jpg 236w, https:\/\/evileu.de\/oddballs\/wp-content\/uploads\/2016\/12\/burgundzoepfe-19x24.jpg 19w, https:\/\/evileu.de\/oddballs\/wp-content\/uploads\/2016\/12\/burgundzoepfe-28x36.jpg 28w, https:\/\/evileu.de\/oddballs\/wp-content\/uploads\/2016\/12\/burgundzoepfe-38x48.jpg 38w\" sizes=\"(max-width: 400px) 100vw, 400px\" \/><\/a><figcaption id=\"caption-attachment-356\" class=\"wp-caption-text\">burgund zoepfe<\/figcaption><\/figure>\n<h2>Um die Ecke gestrickt<\/h2>\n<p>Und hier habe ich &#8222;um die Ecke&#8220; gestrickt, die hat eine super Pa\u00dfform:<\/p>\n<figure id=\"attachment_357\" aria-describedby=\"caption-attachment-357\" style=\"width: 400px\" class=\"wp-caption aligncenter\"><a href=\"http:\/\/evileu.de\/oddballs\/wp-content\/uploads\/2016\/12\/umdieecke.jpg\"><img decoding=\"async\" loading=\"lazy\" class=\"wp-image-357 size-full\" src=\"http:\/\/evileu.de\/oddballs\/wp-content\/uploads\/2016\/12\/umdieecke.jpg\" alt=\"um die ecke gestrickt\" width=\"400\" height=\"521\" srcset=\"https:\/\/evileu.de\/oddballs\/wp-content\/uploads\/2016\/12\/umdieecke.jpg 400w, https:\/\/evileu.de\/oddballs\/wp-content\/uploads\/2016\/12\/umdieecke-230x300.jpg 230w, https:\/\/evileu.de\/oddballs\/wp-content\/uploads\/2016\/12\/umdieecke-18x24.jpg 18w, https:\/\/evileu.de\/oddballs\/wp-content\/uploads\/2016\/12\/umdieecke-28x36.jpg 28w, https:\/\/evileu.de\/oddballs\/wp-content\/uploads\/2016\/12\/umdieecke-37x48.jpg 37w\" sizes=\"(max-width: 400px) 100vw, 400px\" \/><\/a><figcaption id=\"caption-attachment-357\" class=\"wp-caption-text\">um die ecke<\/figcaption><\/figure>\n<p>Hab ich euch Lust gemacht aufs Westen-stricken? Immer mal los, M\u00e4dels, ohne \u00c4rmel sind die Lieblingsst\u00fccke ja auch bald fertig! \ud83d\ude00<\/p>\n<p>&nbsp;<\/p>\n","protected":false},"excerpt":{"rendered":"<p>Ich liebe Westen! Pullover sind mir immer zu warm , ausserdem kriege ich &#8222;elektrische&#8220; Haare, wenn ich mir einen Wollpullover \u00fcber den Kopf ziehe. Strickjacken sind meist zu volumin\u00f6s, da kriegt man ganz schlecht noch eine Jacke oder einen Mantel dr\u00fcber, und ausserdem sind mir die \u00c4rmel immer im Weg, die tunke ich ganz schnell &hellip; <a href=\"https:\/\/evileu.de\/oddballs\/galerie\/westen\/\" class=\"more-link\"><span class=\"screen-reader-text\">Westen<\/span> weiterlesen <span class=\"meta-nav\">&rarr;<\/span><\/a><\/p>\n","protected":false},"author":1,"featured_media":0,"parent":278,"menu_order":2,"comment_status":"open","ping_status":"closed","template":"","meta":[],"_links":{"self":[{"href":"https:\/\/evileu.de\/oddballs\/wp-json\/wp\/v2\/pages\/344"}],"collection":[{"href":"https:\/\/evileu.de\/oddballs\/wp-json\/wp\/v2\/pages"}],"about":[{"href":"https:\/\/evileu.de\/oddballs\/wp-json\/wp\/v2\/types\/page"}],"author":[{"embeddable":true,"href":"https:\/\/evileu.de\/oddballs\/wp-json\/wp\/v2\/users\/1"}],"replies":[{"embeddable":true,"href":"https:\/\/evileu.de\/oddballs\/wp-json\/wp\/v2\/comments?post=344"}],"version-history":[{"count":5,"href":"https:\/\/evileu.de\/oddballs\/wp-json\/wp\/v2\/pages\/344\/revisions"}],"predecessor-version":[{"id":691,"href":"https:\/\/evileu.de\/oddballs\/wp-json\/wp\/v2\/pages\/344\/revisions\/691"}],"up":[{"embeddable":true,"href":"https:\/\/evileu.de\/oddballs\/wp-json\/wp\/v2\/pages\/278"}],"wp:attachment":[{"href":"https:\/\/evileu.de\/oddballs\/wp-json\/wp\/v2\/media?parent=344"}],"curies":[{"name":"wp","href":"https:\/\/api.w.org\/{rel}","templated":true}]}}