{"id":1218,"date":"2018-11-13T07:54:10","date_gmt":"2018-11-13T06:54:10","guid":{"rendered":"http:\/\/evileu.de\/oddballs\/?page_id=1218"},"modified":"2018-11-23T07:02:14","modified_gmt":"2018-11-23T06:02:14","slug":"ohren-oder-nasen","status":"publish","type":"page","link":"https:\/\/evileu.de\/oddballs\/ohren-oder-nasen\/","title":{"rendered":"Ohren oder Nasen"},"content":{"rendered":"<p>Handymonster kann man auch mit \u00d6hrchen versehen, und Nasen k\u00f6nnen Sie auch noch kriegen, am besten in sch\u00f6nen leuchtenden Farben, daf\u00fcr nehme ich gerne Reste von der Sockenwolle Aktiv 4-f\u00e4dig, die wird doppelt genommen. Damit h\u00e4kle ich einen kleinen \u201eKnubbel\u201c aus zusammen abgemaschten St\u00e4bchen und n\u00e4he den dann mit ein paar Stichen auf.<\/p>\n<figure id=\"attachment_1220\" aria-describedby=\"caption-attachment-1220\" style=\"width: 1600px\" class=\"wp-caption aligncenter\"><a href=\"http:\/\/evileu.de\/oddballs\/wp-content\/uploads\/2018\/11\/mit_ohren.jpg\"><img decoding=\"async\" loading=\"lazy\" id=\"longdesc-return-1220\" class=\"size-full wp-image-1220\" tabindex=\"-1\" src=\"http:\/\/evileu.de\/oddballs\/wp-content\/uploads\/2018\/11\/mit_ohren.jpg\" alt=\"mit_ohren\" width=\"1600\" height=\"1200\" longdesc=\"http:\/\/evileu.de\/oddballs?longdesc=1220&amp;referrer=1218\" srcset=\"https:\/\/evileu.de\/oddballs\/wp-content\/uploads\/2018\/11\/mit_ohren.jpg 1600w, https:\/\/evileu.de\/oddballs\/wp-content\/uploads\/2018\/11\/mit_ohren-300x225.jpg 300w, https:\/\/evileu.de\/oddballs\/wp-content\/uploads\/2018\/11\/mit_ohren-768x576.jpg 768w, https:\/\/evileu.de\/oddballs\/wp-content\/uploads\/2018\/11\/mit_ohren-1024x768.jpg 1024w\" sizes=\"(max-width: 1600px) 100vw, 1600px\" \/><\/a><figcaption id=\"caption-attachment-1220\" class=\"wp-caption-text\">mit_ohren<\/figcaption><\/figure>\n<p>Die Anleitung als PDF zum Download gibt es hier:<\/p>\n<h2><a href=\"http:\/\/evileu.de\/oddballs\/wp-content\/uploads\/2018\/11\/ohren_oder_nasen_evi_und_supergarne.pdf\">ohren_oder_nasen_evi_und_supergarne<\/a><\/h2>\n","protected":false},"excerpt":{"rendered":"<p>Handymonster kann man auch mit \u00d6hrchen versehen, und Nasen k\u00f6nnen Sie auch noch kriegen, am besten in sch\u00f6nen leuchtenden Farben, daf\u00fcr nehme ich gerne Reste von der Sockenwolle Aktiv 4-f\u00e4dig, die wird doppelt genommen. Damit h\u00e4kle ich einen kleinen \u201eKnubbel\u201c aus zusammen abgemaschten St\u00e4bchen und n\u00e4he den dann mit ein paar Stichen auf. Die Anleitung &hellip; <a href=\"https:\/\/evileu.de\/oddballs\/ohren-oder-nasen\/\" class=\"more-link\"><span class=\"screen-reader-text\">Ohren oder Nasen<\/span> weiterlesen <span class=\"meta-nav\">&rarr;<\/span><\/a><\/p>\n","protected":false},"author":1,"featured_media":0,"parent":0,"menu_order":0,"comment_status":"open","ping_status":"closed","template":"","meta":[],"_links":{"self":[{"href":"https:\/\/evileu.de\/oddballs\/wp-json\/wp\/v2\/pages\/1218"}],"collection":[{"href":"https:\/\/evileu.de\/oddballs\/wp-json\/wp\/v2\/pages"}],"about":[{"href":"https:\/\/evileu.de\/oddballs\/wp-json\/wp\/v2\/types\/page"}],"author":[{"embeddable":true,"href":"https:\/\/evileu.de\/oddballs\/wp-json\/wp\/v2\/users\/1"}],"replies":[{"embeddable":true,"href":"https:\/\/evileu.de\/oddballs\/wp-json\/wp\/v2\/comments?post=1218"}],"version-history":[{"count":1,"href":"https:\/\/evileu.de\/oddballs\/wp-json\/wp\/v2\/pages\/1218\/revisions"}],"predecessor-version":[{"id":1223,"href":"https:\/\/evileu.de\/oddballs\/wp-json\/wp\/v2\/pages\/1218\/revisions\/1223"}],"wp:attachment":[{"href":"https:\/\/evileu.de\/oddballs\/wp-json\/wp\/v2\/media?parent=1218"}],"curies":[{"name":"wp","href":"https:\/\/api.w.org\/{rel}","templated":true}]}}