{"id":74,"date":"2016-11-15T17:16:14","date_gmt":"2016-11-15T16:16:14","guid":{"rendered":"http:\/\/evileu.de\/inselfisch-kochbuch\/?page_id=74"},"modified":"2016-11-23T16:45:51","modified_gmt":"2016-11-23T15:45:51","slug":"meine-koch-bibel-das-bayrische-kochbuch","status":"publish","type":"page","link":"https:\/\/evileu.de\/inselfisch-kochbuch\/meine-lieblings-kochbuecher\/meine-koch-bibel-das-bayrische-kochbuch\/","title":{"rendered":"Meine Koch-Bibel: Das Bayrische Kochbuch"},"content":{"rendered":"<p>DAS Standardwerk an allen bayrischen Hauswirtschaftsschulen, DAS Geschenk f\u00fcr junge Frauen zum ersten Hausstand, DAS Nachschlagewerk f\u00fcr fast alle Spezialit\u00e4ten der bayrischen K\u00fcche&#8230; und noch viel mehr. Das bayrische Kochbuch baut auf leicht verst\u00e4ndliche Grundrezepte, einen umfassenden Index, nach dem man die Rezepte auch leicht und schnell findet, und ist so gut durchredigiert, da\u00df ich in den vielen, vielen Jahren die ich es schon benutze noch nie einen Fehler gefunden habe, noch nie ein Rezept mi\u00dflungen ist.<\/p>\n<p>Das bayrische Kochbuch gibt es immer noch aktuell im Buchhandel, mittlerweile in der 55. Auflage, man kann es aber auch preiswerter antiquarisch finden. Mein Exemplar habe ich von der Mutti meiner besten Freundin geerbt, und die hatte es davor selbst schon lange in Gebrauch, man sieht deutlich die Gebrauchsspuren:<\/p>\n<div id=\"attachment_76\" style=\"width: 1210px\" class=\"wp-caption alignnone\"><img aria-describedby=\"caption-attachment-76\" decoding=\"async\" loading=\"lazy\" class=\"size-full wp-image-76\" src=\"http:\/\/evileu.de\/inselfisch-kochbuch\/wp-content\/uploads\/2016\/11\/bayerisches-kochbuch.jpg\" alt=\"bayerisches-kochbuch\" width=\"1200\" height=\"1600\" srcset=\"https:\/\/evileu.de\/inselfisch-kochbuch\/wp-content\/uploads\/2016\/11\/bayerisches-kochbuch.jpg 1200w, https:\/\/evileu.de\/inselfisch-kochbuch\/wp-content\/uploads\/2016\/11\/bayerisches-kochbuch-225x300.jpg 225w, https:\/\/evileu.de\/inselfisch-kochbuch\/wp-content\/uploads\/2016\/11\/bayerisches-kochbuch-768x1024.jpg 768w, https:\/\/evileu.de\/inselfisch-kochbuch\/wp-content\/uploads\/2016\/11\/bayerisches-kochbuch-624x832.jpg 624w\" sizes=\"(max-width: 1200px) 100vw, 1200px\" \/><p id=\"caption-attachment-76\" class=\"wp-caption-text\">bayerisches-kochbuch<\/p><\/div>\n<p>Ich liebe es, immer wieder Notizen der Vorbesitzerin zu besonders gelungenen Rezepten zu finden, und sehr h\u00fcbsch find ich auch die Widmung, die der Vati meiner Freundin seiner lieben Gattin damals ins Buch geschrieben hat:<\/p>\n<div id=\"attachment_77\" style=\"width: 1610px\" class=\"wp-caption alignnone\"><img aria-describedby=\"caption-attachment-77\" decoding=\"async\" loading=\"lazy\" class=\"size-full wp-image-77\" src=\"http:\/\/evileu.de\/inselfisch-kochbuch\/wp-content\/uploads\/2016\/11\/bayerisches-kochbuch-widmung.jpg\" alt=\"bayerisches-kochbuch-widmung\" width=\"1600\" height=\"1200\" srcset=\"https:\/\/evileu.de\/inselfisch-kochbuch\/wp-content\/uploads\/2016\/11\/bayerisches-kochbuch-widmung.jpg 1600w, https:\/\/evileu.de\/inselfisch-kochbuch\/wp-content\/uploads\/2016\/11\/bayerisches-kochbuch-widmung-300x225.jpg 300w, https:\/\/evileu.de\/inselfisch-kochbuch\/wp-content\/uploads\/2016\/11\/bayerisches-kochbuch-widmung-768x576.jpg 768w, https:\/\/evileu.de\/inselfisch-kochbuch\/wp-content\/uploads\/2016\/11\/bayerisches-kochbuch-widmung-1024x768.jpg 1024w, https:\/\/evileu.de\/inselfisch-kochbuch\/wp-content\/uploads\/2016\/11\/bayerisches-kochbuch-widmung-624x468.jpg 624w\" sizes=\"(max-width: 1600px) 100vw, 1600px\" \/><p id=\"caption-attachment-77\" class=\"wp-caption-text\">bayerisches-kochbuch-widmung<\/p><\/div>\n<p>F\u00fcr diejenigen, die kein S\u00fctterlin lesen k\u00f6nnen, da steht:<\/p>\n<p>&#8222;Der Super-K\u00f6chin zu Ihrem 65. Geburtstag<br \/>\nvon Ihrem Chef-Vorkoster!<br \/>\nHof, den 22. Oktober 1984&#8220;<\/p>\n<p>Mein bayrisches Kochbuch hat also eine lange, lange Tradition, und ich liebe es \ud83d\ude42<\/p>\n<p>Es ist zum Beispiel im <a href=\"https:\/\/www.weltbild.de\/artikel\/buch\/bayerisches-kochbuch_13796907-1?origin=pla&amp;wea=8064235&amp;gclid=CL7ZoseXq9ACFQEM0wodOwAJPQ\">Weltbild-Verlag<\/a> erh\u00e4ltlich und kostet dort 25 \u20ac. Wahrlich eine Anschaffung f\u00fcr&#8217;s Leben!<\/p>\n<p>Eine ebenso interessante wie am\u00fcsante Biografie des Bayrischen Kochbuchs finden Sie \u00fcbrigens <a href=\"http:\/\/www.resteferwertung.de\/index.html\">hier unter diesem Link <\/a>&#8211; viel Spa\u00df beim Nachlesen!<\/p>\n","protected":false},"excerpt":{"rendered":"<p>DAS Standardwerk an allen bayrischen Hauswirtschaftsschulen, DAS Geschenk f\u00fcr junge Frauen zum ersten Hausstand, DAS Nachschlagewerk f\u00fcr fast alle Spezialit\u00e4ten der bayrischen K\u00fcche&#8230; und noch viel mehr. Das bayrische Kochbuch baut auf leicht verst\u00e4ndliche Grundrezepte, einen umfassenden Index, nach dem man die Rezepte auch leicht und schnell findet, und ist so gut durchredigiert, da\u00df ich [&hellip;]<\/p>\n","protected":false},"author":1,"featured_media":0,"parent":72,"menu_order":0,"comment_status":"closed","ping_status":"closed","template":"","meta":[],"_links":{"self":[{"href":"https:\/\/evileu.de\/inselfisch-kochbuch\/wp-json\/wp\/v2\/pages\/74"}],"collection":[{"href":"https:\/\/evileu.de\/inselfisch-kochbuch\/wp-json\/wp\/v2\/pages"}],"about":[{"href":"https:\/\/evileu.de\/inselfisch-kochbuch\/wp-json\/wp\/v2\/types\/page"}],"author":[{"embeddable":true,"href":"https:\/\/evileu.de\/inselfisch-kochbuch\/wp-json\/wp\/v2\/users\/1"}],"replies":[{"embeddable":true,"href":"https:\/\/evileu.de\/inselfisch-kochbuch\/wp-json\/wp\/v2\/comments?post=74"}],"version-history":[{"count":6,"href":"https:\/\/evileu.de\/inselfisch-kochbuch\/wp-json\/wp\/v2\/pages\/74\/revisions"}],"predecessor-version":[{"id":236,"href":"https:\/\/evileu.de\/inselfisch-kochbuch\/wp-json\/wp\/v2\/pages\/74\/revisions\/236"}],"up":[{"embeddable":true,"href":"https:\/\/evileu.de\/inselfisch-kochbuch\/wp-json\/wp\/v2\/pages\/72"}],"wp:attachment":[{"href":"https:\/\/evileu.de\/inselfisch-kochbuch\/wp-json\/wp\/v2\/media?parent=74"}],"curies":[{"name":"wp","href":"https:\/\/api.w.org\/{rel}","templated":true}]}}