{"id":47,"date":"2016-10-30T12:29:30","date_gmt":"2016-10-30T11:29:30","guid":{"rendered":"http:\/\/evileu.de\/inselfisch-kochbuch\/?page_id=47"},"modified":"2016-11-18T18:51:31","modified_gmt":"2016-11-18T17:51:31","slug":"rezeptbilder-als-geschenke","status":"publish","type":"page","link":"https:\/\/evileu.de\/inselfisch-kochbuch\/rezeptbilder-als-geschenke\/","title":{"rendered":"Rezeptbilder als Geschenke"},"content":{"rendered":"<p>Wie die meisten von euch schon wissen, bin ich jetzt hauptberuflich Malerin. Ist ja auch nicht zu \u00fcbersehen, mit den ganzen Rezeptbildern! Die habe ich so nach und nach gemalt, als ich meine Autorin-Phase hatte und Kinderb\u00fccher geschrieben habe. Die meisten Bilder sind im Original recht klein, etwa so gro\u00df wie Postkarten oder kleiner, die k\u00f6nnte man prima in einen Umschlag stecken und verschicken. Deshalb biete ich sie auch zum Verkauf an, die geben doch prima kleine Geschenke f\u00fcr alle Kochbegeisterten ab!<\/p>\n<p>Schreibt mir eine E-Mail an <strong>evi.s.leu@gmx.de<\/strong>, wenn euch ein bestimmtes Bild gef\u00e4llt, \u00fcber den Preis werden wir uns dann schon irgendwie einig werden! Und es ist doch schade, wenn die ganzen h\u00fcbschen Bilder blo\u00df bei mir in den Aufbewahrungskartons herumliegen. Nur zu, so ab 10 \u20ac ungef\u00e4hr seid ihr dabei &#8211; jetzt schon an Weihnachten denken!<\/p>\n<div id=\"attachment_48\" style=\"width: 970px\" class=\"wp-caption alignnone\"><img aria-describedby=\"caption-attachment-48\" decoding=\"async\" loading=\"lazy\" class=\"size-full wp-image-48\" src=\"http:\/\/evileu.de\/inselfisch-kochbuch\/wp-content\/uploads\/2016\/10\/buntesgemuese.jpg\" alt=\"buntesgemuese\" width=\"960\" height=\"264\" srcset=\"https:\/\/evileu.de\/inselfisch-kochbuch\/wp-content\/uploads\/2016\/10\/buntesgemuese.jpg 960w, https:\/\/evileu.de\/inselfisch-kochbuch\/wp-content\/uploads\/2016\/10\/buntesgemuese-300x83.jpg 300w, https:\/\/evileu.de\/inselfisch-kochbuch\/wp-content\/uploads\/2016\/10\/buntesgemuese-768x211.jpg 768w, https:\/\/evileu.de\/inselfisch-kochbuch\/wp-content\/uploads\/2016\/10\/buntesgemuese-624x172.jpg 624w\" sizes=\"(max-width: 960px) 100vw, 960px\" \/><p id=\"caption-attachment-48\" class=\"wp-caption-text\">buntesgemuese<\/p><\/div>\n","protected":false},"excerpt":{"rendered":"<p>Wie die meisten von euch schon wissen, bin ich jetzt hauptberuflich Malerin. Ist ja auch nicht zu \u00fcbersehen, mit den ganzen Rezeptbildern! Die habe ich so nach und nach gemalt, als ich meine Autorin-Phase hatte und Kinderb\u00fccher geschrieben habe. Die meisten Bilder sind im Original recht klein, etwa so gro\u00df wie Postkarten oder kleiner, die [&hellip;]<\/p>\n","protected":false},"author":1,"featured_media":0,"parent":0,"menu_order":2,"comment_status":"closed","ping_status":"closed","template":"","meta":[],"_links":{"self":[{"href":"https:\/\/evileu.de\/inselfisch-kochbuch\/wp-json\/wp\/v2\/pages\/47"}],"collection":[{"href":"https:\/\/evileu.de\/inselfisch-kochbuch\/wp-json\/wp\/v2\/pages"}],"about":[{"href":"https:\/\/evileu.de\/inselfisch-kochbuch\/wp-json\/wp\/v2\/types\/page"}],"author":[{"embeddable":true,"href":"https:\/\/evileu.de\/inselfisch-kochbuch\/wp-json\/wp\/v2\/users\/1"}],"replies":[{"embeddable":true,"href":"https:\/\/evileu.de\/inselfisch-kochbuch\/wp-json\/wp\/v2\/comments?post=47"}],"version-history":[{"count":3,"href":"https:\/\/evileu.de\/inselfisch-kochbuch\/wp-json\/wp\/v2\/pages\/47\/revisions"}],"predecessor-version":[{"id":123,"href":"https:\/\/evileu.de\/inselfisch-kochbuch\/wp-json\/wp\/v2\/pages\/47\/revisions\/123"}],"wp:attachment":[{"href":"https:\/\/evileu.de\/inselfisch-kochbuch\/wp-json\/wp\/v2\/media?parent=47"}],"curies":[{"name":"wp","href":"https:\/\/api.w.org\/{rel}","templated":true}]}}