{"id":86,"date":"2024-02-21T17:08:03","date_gmt":"2024-02-21T16:08:03","guid":{"rendered":"https:\/\/evileu.de\/geschenkboutique\/?page_id=86"},"modified":"2024-02-22T07:28:07","modified_gmt":"2024-02-22T06:28:07","slug":"seidenbaendchen-stickerei","status":"publish","type":"page","link":"https:\/\/evileu.de\/geschenkboutique\/seidenbaendchen-stickerei\/","title":{"rendered":"Seidenb\u00e4ndchen Stickerei"},"content":{"rendered":"<p><img loading=\"lazy\" decoding=\"async\" class=\"alignnone wp-image-87 size-full\" src=\"https:\/\/evileu.de\/geschenkboutique\/wp-content\/uploads\/2024\/02\/MamisGarten1.jpg\" alt=\"MamisGarten\" width=\"640\" height=\"854\" srcset=\"https:\/\/evileu.de\/geschenkboutique\/wp-content\/uploads\/2024\/02\/MamisGarten1.jpg 640w, https:\/\/evileu.de\/geschenkboutique\/wp-content\/uploads\/2024\/02\/MamisGarten1-225x300.jpg 225w\" sizes=\"auto, (max-width: 640px) 100vw, 640px\" \/><\/p>\n<p>Seidenb\u00e4ndchen Stickereibilder erwecken eine alte, fast vergessene Handarbeitskunst zu neuem Leben. Ich sticke vor allem Blumenmotive, daf\u00fcr sind die zarten B\u00e4ndchen wunderbar geeignet. Es gibt aber auch M\u00e4rchenmotive und Bilder aus meinen eigenen Kinderb\u00fcchern. Die strahlenden Farben und die plastische Ausarbeitung machen die Bilder zu einer wahren Augenweide f\u00fcr Freund*innen feiner Handarbeiten.<\/p>\n<p>Meine eigene Kreation sind Stickereien auf bemaltem Canvasgrund, ich verwende daf\u00fcr feinste K\u00fcnstler-Aquarellfarben und leihe mir Motive von meinen eigenen Bildern, den Aquarellen aus dem blauen Land.<\/p>\n<p><img loading=\"lazy\" decoding=\"async\" class=\"alignnone wp-image-88 size-large\" src=\"https:\/\/evileu.de\/geschenkboutique\/wp-content\/uploads\/2024\/02\/IMG_20240215_115631-768x1024.jpg\" alt=\"Rosengarten\" width=\"474\" height=\"632\" srcset=\"https:\/\/evileu.de\/geschenkboutique\/wp-content\/uploads\/2024\/02\/IMG_20240215_115631-768x1024.jpg 768w, https:\/\/evileu.de\/geschenkboutique\/wp-content\/uploads\/2024\/02\/IMG_20240215_115631-225x300.jpg 225w, https:\/\/evileu.de\/geschenkboutique\/wp-content\/uploads\/2024\/02\/IMG_20240215_115631-1152x1536.jpg 1152w, https:\/\/evileu.de\/geschenkboutique\/wp-content\/uploads\/2024\/02\/IMG_20240215_115631-1536x2048.jpg 1536w, https:\/\/evileu.de\/geschenkboutique\/wp-content\/uploads\/2024\/02\/IMG_20240215_115631-scaled.jpg 1920w\" sizes=\"auto, (max-width: 474px) 100vw, 474px\" \/><\/p>\n<p>Die Bilder sind auf feste Holzrahmen gespannt und k\u00f6nnen ohne zus\u00e4tzlichen Rahmen an die Wand geh\u00e4ngt werden.<\/p>\n<p>Preise auf Anfrage oder wie im Showroom ausgezeichnet, ein kleines Bild (ca.18x13cm) gibt es ab 30 \u20ac, die grossen Bilder (ca. 30&#215;40) sind wegen der doch sehr aufw\u00e4ndigen Arbeit nat\u00fcrlich teurer,<\/p>\n","protected":false},"excerpt":{"rendered":"<p>Seidenb\u00e4ndchen Stickereibilder erwecken eine alte, fast vergessene Handarbeitskunst zu neuem Leben. Ich sticke vor allem Blumenmotive, daf\u00fcr sind die zarten B\u00e4ndchen wunderbar geeignet. Es gibt aber auch M\u00e4rchenmotive und Bilder aus meinen eigenen Kinderb\u00fcchern. Die strahlenden Farben und die plastische Ausarbeitung machen die Bilder zu einer wahren Augenweide f\u00fcr Freund*innen feiner Handarbeiten. Meine eigene Kreation &hellip; <a href=\"https:\/\/evileu.de\/geschenkboutique\/seidenbaendchen-stickerei\/\" class=\"more-link\"><span class=\"screen-reader-text\">Seidenb\u00e4ndchen Stickerei<\/span> weiterlesen <span class=\"meta-nav\">&rarr;<\/span><\/a><\/p>\n","protected":false},"author":1,"featured_media":0,"parent":0,"menu_order":7,"comment_status":"closed","ping_status":"closed","template":"","meta":{"footnotes":""},"class_list":["post-86","page","type-page","status-publish","hentry"],"_links":{"self":[{"href":"https:\/\/evileu.de\/geschenkboutique\/wp-json\/wp\/v2\/pages\/86","targetHints":{"allow":["GET"]}}],"collection":[{"href":"https:\/\/evileu.de\/geschenkboutique\/wp-json\/wp\/v2\/pages"}],"about":[{"href":"https:\/\/evileu.de\/geschenkboutique\/wp-json\/wp\/v2\/types\/page"}],"author":[{"embeddable":true,"href":"https:\/\/evileu.de\/geschenkboutique\/wp-json\/wp\/v2\/users\/1"}],"replies":[{"embeddable":true,"href":"https:\/\/evileu.de\/geschenkboutique\/wp-json\/wp\/v2\/comments?post=86"}],"version-history":[{"count":5,"href":"https:\/\/evileu.de\/geschenkboutique\/wp-json\/wp\/v2\/pages\/86\/revisions"}],"predecessor-version":[{"id":110,"href":"https:\/\/evileu.de\/geschenkboutique\/wp-json\/wp\/v2\/pages\/86\/revisions\/110"}],"wp:attachment":[{"href":"https:\/\/evileu.de\/geschenkboutique\/wp-json\/wp\/v2\/media?parent=86"}],"curies":[{"name":"wp","href":"https:\/\/api.w.org\/{rel}","templated":true}]}}