{"id":9,"date":"2016-11-24T06:03:05","date_gmt":"2016-11-24T05:03:05","guid":{"rendered":"http:\/\/evileu.de\/die-reisende-malerin\/?page_id=9"},"modified":"2016-11-25T18:24:02","modified_gmt":"2016-11-25T17:24:02","slug":"mein-lebenslauf-in-bildern","status":"publish","type":"page","link":"https:\/\/evileu.de\/die-reisende-malerin\/mein-lebenslauf-in-bildern\/","title":{"rendered":"Mein Leben in Bildern"},"content":{"rendered":"<p>Hier zeige ich Bilder aus allen meinen Schaffensphasen, von der Grundschule bis zum Abitur, von der Studentenzeit bis hin zum Einstieg ins Berufsleben. Von den wilden Jahren und arbeitsreichen Zeiten als Freelancerin in der IT, als das Malen mein Mittel zur Stre\u00dfbew\u00e4ltigung war. \u00a0 Und weiter und dar\u00fcber hinaus bis zu meinem ruhigen Dasein heute, wo ich male was ich will und endlich die Zeit und die Ruhe finde, eine R\u00fcckschau zu halten und meine Entwicklung von der kleinen pinselw\u00fctigen Evi bis zur erwachsenen reisenden Malerin darzustellen.<\/p>\n<p>Viel Vergn\u00fcgen beim Durchbl\u00e4ttern dieser Seiten!<\/p>\n","protected":false},"excerpt":{"rendered":"<p>Hier zeige ich Bilder aus allen meinen Schaffensphasen, von der Grundschule bis zum Abitur, von der Studentenzeit bis hin zum Einstieg ins Berufsleben. Von den wilden Jahren und arbeitsreichen Zeiten als Freelancerin in der IT, als das Malen mein Mittel zur Stre\u00dfbew\u00e4ltigung war. \u00a0 Und weiter und dar\u00fcber hinaus bis zu meinem ruhigen Dasein heute, &hellip; <a href=\"https:\/\/evileu.de\/die-reisende-malerin\/mein-lebenslauf-in-bildern\/\" class=\"more-link\"><span class=\"screen-reader-text\">Mein Leben in Bildern<\/span> weiterlesen <span class=\"meta-nav\">&rarr;<\/span><\/a><\/p>\n","protected":false},"author":1,"featured_media":0,"parent":0,"menu_order":1,"comment_status":"closed","ping_status":"closed","template":"","meta":[],"_links":{"self":[{"href":"https:\/\/evileu.de\/die-reisende-malerin\/wp-json\/wp\/v2\/pages\/9"}],"collection":[{"href":"https:\/\/evileu.de\/die-reisende-malerin\/wp-json\/wp\/v2\/pages"}],"about":[{"href":"https:\/\/evileu.de\/die-reisende-malerin\/wp-json\/wp\/v2\/types\/page"}],"author":[{"embeddable":true,"href":"https:\/\/evileu.de\/die-reisende-malerin\/wp-json\/wp\/v2\/users\/1"}],"replies":[{"embeddable":true,"href":"https:\/\/evileu.de\/die-reisende-malerin\/wp-json\/wp\/v2\/comments?post=9"}],"version-history":[{"count":4,"href":"https:\/\/evileu.de\/die-reisende-malerin\/wp-json\/wp\/v2\/pages\/9\/revisions"}],"predecessor-version":[{"id":69,"href":"https:\/\/evileu.de\/die-reisende-malerin\/wp-json\/wp\/v2\/pages\/9\/revisions\/69"}],"wp:attachment":[{"href":"https:\/\/evileu.de\/die-reisende-malerin\/wp-json\/wp\/v2\/media?parent=9"}],"curies":[{"name":"wp","href":"https:\/\/api.w.org\/{rel}","templated":true}]}}