{"id":88,"date":"2016-11-26T05:44:04","date_gmt":"2016-11-26T04:44:04","guid":{"rendered":"http:\/\/evileu.de\/die-reisende-malerin\/?page_id=88"},"modified":"2016-11-26T05:47:34","modified_gmt":"2016-11-26T04:47:34","slug":"aufbruch-in-einen-neuen-lebensabschnitt-2008","status":"publish","type":"page","link":"https:\/\/evileu.de\/die-reisende-malerin\/mein-lebenslauf-in-bildern\/aufbruch-in-einen-neuen-lebensabschnitt-2008\/","title":{"rendered":"Neuer Lebensabschnitt 2008"},"content":{"rendered":"<p>Ich bin ja nach meiner Ausbildung zur Fachinformatikerin wieder voll in den Beruf eingestiegen und habe nochmal Karriere gemacht, diesmal als selbst\u00e4ndige Freelancerin. Das lief mal gut und mal weniger gut, wie das bei Freiberuflern halt so ist, manchmal hatte ich gar nichts zu tun und manchmal ersoff ich in Arbeit. Ich habe mir aber in diesen Jahren immer die Zeit genommen, ins Oberland zu fahren und meine Landschaften zu malen, und das hat mir oft trotz Stre\u00df in den Projekten und v\u00f6llig verr\u00fcckter Arbeitszeiten buchst\u00e4blich den Verstand gerettet.<\/p>\n<p>2006 landete ich in einem besonders dicken Fisch von einem Gro\u00dfauftrag, f\u00fcr einen Automobilzulieferer in M\u00fcnchen. Das Projekt stand schwer unter Dampf, es war sehr komplex und anspruchsvoll in der Umsetzung, und wir haben alle geschuftet wie die Irren. Dabei auch irre Geld verdient, aber bei 60-80 Stunden die Woche, keinem Urlaub und null Freizeit\u00a0 war das schon als &#8222;Schmerzensgeld&#8220; n\u00f6tig. Ich habe aber in dieser v\u00f6llig durchgeknallten Zeit immer noch gemalt, in jeder freien Minute.<\/p>\n<p>Hier ein Sturm im Anzug \u00fcber Deining an der Ludwigsh\u00f6he:<\/p>\n<figure id=\"attachment_91\" aria-describedby=\"caption-attachment-91\" style=\"width: 516px\" class=\"wp-caption alignnone\"><img decoding=\"async\" loading=\"lazy\" class=\"wp-image-91 size-full\" src=\"http:\/\/evileu.de\/die-reisende-malerin\/wp-content\/uploads\/2016\/11\/deining-ludwigshoehe.jpg\" alt=\"deining-ludwigshoehe\" width=\"516\" height=\"379\" srcset=\"https:\/\/evileu.de\/die-reisende-malerin\/wp-content\/uploads\/2016\/11\/deining-ludwigshoehe.jpg 516w, https:\/\/evileu.de\/die-reisende-malerin\/wp-content\/uploads\/2016\/11\/deining-ludwigshoehe-300x220.jpg 300w\" sizes=\"(max-width: 516px) 100vw, 516px\" \/><figcaption id=\"caption-attachment-91\" class=\"wp-caption-text\">deining-ludwigshoehe<\/figcaption><\/figure>\n<p>Und nat\u00fcrlich viele Bilder\u00a0 vom Walchensee, hier eine Gewitterstimmung \u00fcber Urfeld:<\/p>\n<figure id=\"attachment_92\" aria-describedby=\"caption-attachment-92\" style=\"width: 307px\" class=\"wp-caption alignnone\"><img decoding=\"async\" loading=\"lazy\" class=\"wp-image-92 size-full\" src=\"http:\/\/evileu.de\/die-reisende-malerin\/wp-content\/uploads\/2016\/11\/walchensee-urfeld.jpg\" alt=\"walchensee-urfeld\" width=\"307\" height=\"416\" srcset=\"https:\/\/evileu.de\/die-reisende-malerin\/wp-content\/uploads\/2016\/11\/walchensee-urfeld.jpg 307w, https:\/\/evileu.de\/die-reisende-malerin\/wp-content\/uploads\/2016\/11\/walchensee-urfeld-221x300.jpg 221w\" sizes=\"(max-width: 307px) 100vw, 307px\" \/><figcaption id=\"caption-attachment-92\" class=\"wp-caption-text\">walchensee-urfeld<\/figcaption><\/figure>\n<p>Ich hab mir also bei dem Projekt eine goldenene Nase verdient, aber die Schufterei \u00fcber mehrere Jahre forderte einen heftigen Tribut: ich habe mir dabei die Gesundheit ruiniert. Im Jahr 2008 erkrankte ich sehr schwer und brauchte mehrere Monate, um wieder einigermassen auf die F\u00fc\u00dfe zu kommen. Mit der EDV-Karriere war es damit vorbei, ich durfte nicht mehr arbeiten und wurde aus gesundheitlichen Gr\u00fcnden 2009 in Fr\u00fchrente geschickt.<\/p>\n<p>Das hat mein Leben\u00a0 entscheidend ver\u00e4ndert. Ich hatte auf einmal Zeit, ganz viel Zeit f\u00fcr meine privaten Interessen, und das war am Anfang nat\u00fcrlich\u00a0 schwierig, ich war es ja gew\u00f6hnt, viel und hart zu arbeiten (und dabei auch gut Geld zu verdienen). Jetzt hatte ich auf einmal wesentlich mehr Zeit als Geld, und manchmal dachte ich schon, mir w\u00fcrde langweilig werden. Aber dann hat meine Kreativit\u00e4t wieder die Oberhand gewonnen, und ich schrieb in den Jahren nach der Krankheit mehrere Kinderb\u00fccher (Schaut mal, f\u00fcr die Kinderb\u00fccher gibt es <a href=\"http:\/\/evileu.de\/kinderbuecher\/\">eine eigene Webseite<\/a>) und malte viele Illustrationen dazu.<\/p>\n<figure id=\"attachment_95\" aria-describedby=\"caption-attachment-95\" style=\"width: 474px\" class=\"wp-caption alignnone\"><img decoding=\"async\" loading=\"lazy\" class=\"wp-image-95 size-large\" src=\"http:\/\/evileu.de\/die-reisende-malerin\/wp-content\/uploads\/2016\/11\/DRACHterbahn-1024x744.jpg\" alt=\"drachterbahn\" width=\"474\" height=\"344\" srcset=\"https:\/\/evileu.de\/die-reisende-malerin\/wp-content\/uploads\/2016\/11\/DRACHterbahn-1024x744.jpg 1024w, https:\/\/evileu.de\/die-reisende-malerin\/wp-content\/uploads\/2016\/11\/DRACHterbahn-300x218.jpg 300w, https:\/\/evileu.de\/die-reisende-malerin\/wp-content\/uploads\/2016\/11\/DRACHterbahn-768x558.jpg 768w, https:\/\/evileu.de\/die-reisende-malerin\/wp-content\/uploads\/2016\/11\/DRACHterbahn.jpg 1754w\" sizes=\"(max-width: 474px) 100vw, 474px\" \/><figcaption id=\"caption-attachment-95\" class=\"wp-caption-text\">drachterbahn<\/figcaption><\/figure>\n<p>Auch malerisch ging ich neue Wege. Ich experimentierte mit \u00d6l- und Acrylfarben, dabei entstanden viele\u00a0 fr\u00f6hlich bunte gro\u00dfformatige Grafiken, oft beeinflu\u00dft von einem meiner anderen Hobbies, dem Patchworken:<\/p>\n<figure id=\"attachment_97\" aria-describedby=\"caption-attachment-97\" style=\"width: 227px\" class=\"wp-caption alignnone\"><img decoding=\"async\" loading=\"lazy\" class=\"size-medium wp-image-97\" src=\"http:\/\/evileu.de\/die-reisende-malerin\/wp-content\/uploads\/2016\/11\/twisted-log-cabin-227x300.jpg\" alt=\"twisted-log-cabin\" width=\"227\" height=\"300\" srcset=\"https:\/\/evileu.de\/die-reisende-malerin\/wp-content\/uploads\/2016\/11\/twisted-log-cabin-227x300.jpg 227w, https:\/\/evileu.de\/die-reisende-malerin\/wp-content\/uploads\/2016\/11\/twisted-log-cabin.jpg 315w\" sizes=\"(max-width: 227px) 100vw, 227px\" \/><figcaption id=\"caption-attachment-97\" class=\"wp-caption-text\">twisted-log-cabin<\/figcaption><\/figure>\n<figure id=\"attachment_96\" aria-describedby=\"caption-attachment-96\" style=\"width: 230px\" class=\"wp-caption alignnone\"><img decoding=\"async\" loading=\"lazy\" class=\"size-medium wp-image-96\" src=\"http:\/\/evileu.de\/die-reisende-malerin\/wp-content\/uploads\/2016\/11\/trip-around-the-world-230x300.jpg\" alt=\"trip-around-the-world\" width=\"230\" height=\"300\" srcset=\"https:\/\/evileu.de\/die-reisende-malerin\/wp-content\/uploads\/2016\/11\/trip-around-the-world-230x300.jpg 230w, https:\/\/evileu.de\/die-reisende-malerin\/wp-content\/uploads\/2016\/11\/trip-around-the-world.jpg 319w\" sizes=\"(max-width: 230px) 100vw, 230px\" \/><figcaption id=\"caption-attachment-96\" class=\"wp-caption-text\">trip-around-the-world<\/figcaption><\/figure>\n<p>Im Jahr 2005 malte ich dann die Serie der &#8222;Blauen Planeten&#8220;, das waren lauter Bilder mit der blau marmorierten Erdkugel in den verschiedensten Situationen auf einem Sternenhimmelgrund. Das hier mit &#8222;Gottes Wasserhahn&#8220; war das Erste der Planetenbilder, viele weitere folgten.<\/p>\n<figure id=\"attachment_99\" aria-describedby=\"caption-attachment-99\" style=\"width: 226px\" class=\"wp-caption alignnone\"><img decoding=\"async\" loading=\"lazy\" class=\"size-medium wp-image-99\" src=\"http:\/\/evileu.de\/die-reisende-malerin\/wp-content\/uploads\/2016\/11\/sein-wasserhahn-tropft-226x300.jpg\" alt=\"sein-wasserhahn-tropft\" width=\"226\" height=\"300\" srcset=\"https:\/\/evileu.de\/die-reisende-malerin\/wp-content\/uploads\/2016\/11\/sein-wasserhahn-tropft-226x300.jpg 226w, https:\/\/evileu.de\/die-reisende-malerin\/wp-content\/uploads\/2016\/11\/sein-wasserhahn-tropft.jpg 314w\" sizes=\"(max-width: 226px) 100vw, 226px\" \/><figcaption id=\"caption-attachment-99\" class=\"wp-caption-text\">sein-wasserhahn-tropft<\/figcaption><\/figure>\n<figure id=\"attachment_100\" aria-describedby=\"caption-attachment-100\" style=\"width: 227px\" class=\"wp-caption alignnone\"><img decoding=\"async\" loading=\"lazy\" class=\"size-medium wp-image-100\" src=\"http:\/\/evileu.de\/die-reisende-malerin\/wp-content\/uploads\/2016\/11\/welt-waechterin-227x300.jpg\" alt=\"welt-waechterin\" width=\"227\" height=\"300\" srcset=\"https:\/\/evileu.de\/die-reisende-malerin\/wp-content\/uploads\/2016\/11\/welt-waechterin-227x300.jpg 227w, https:\/\/evileu.de\/die-reisende-malerin\/wp-content\/uploads\/2016\/11\/welt-waechterin.jpg 315w\" sizes=\"(max-width: 227px) 100vw, 227px\" \/><figcaption id=\"caption-attachment-100\" class=\"wp-caption-text\">welt-waechterin<\/figcaption><\/figure>\n<p>Mit der Serie der blauen Planeten und vielen meiner Landschaftsaquarelle habe ich dann 2012 meine erste Ausstellung gestaltet, das war beim H-Team in der Plinganserstrasse. Ich habe dort zwar nicht viele Bilder verkauft, aber es gab eine sch\u00f6ne Vernissage, und meine Bilder gefielen den Leuten.<\/p>\n<p>Ich denke, damit bin ich als Malerin erwachsen geworden.\u00a0 Ich habe in meinem Leben schon viele, viele sch\u00f6ne und interessante Bilder gemacht, und ich mache immer weiter, experimentiere und male und zeichne nach Herzenslust.<\/p>\n<p>In den letzten Jahren habe ich mich eher auf witzige Sachen verlegt, ich habe viele Karikaturen und Illustrationen gemalt. Hier sieht man mal mein &#8222;alter ego&#8220;, meinen Internet-Nick (Spitznamen) den Inselfisch, wie er in einem streits\u00fcchtigen Chat-Forum f\u00fcr Ruhe sorgt:<\/p>\n<figure id=\"attachment_101\" aria-describedby=\"caption-attachment-101\" style=\"width: 474px\" class=\"wp-caption alignnone\"><img decoding=\"async\" loading=\"lazy\" class=\"wp-image-101 size-large\" src=\"http:\/\/evileu.de\/die-reisende-malerin\/wp-content\/uploads\/2016\/11\/harmoniesuechtig-1024x718.jpg\" alt=\"harmoniesuechtig\" width=\"474\" height=\"332\" srcset=\"https:\/\/evileu.de\/die-reisende-malerin\/wp-content\/uploads\/2016\/11\/harmoniesuechtig-1024x718.jpg 1024w, https:\/\/evileu.de\/die-reisende-malerin\/wp-content\/uploads\/2016\/11\/harmoniesuechtig-300x210.jpg 300w, https:\/\/evileu.de\/die-reisende-malerin\/wp-content\/uploads\/2016\/11\/harmoniesuechtig-768x538.jpg 768w, https:\/\/evileu.de\/die-reisende-malerin\/wp-content\/uploads\/2016\/11\/harmoniesuechtig.jpg 1357w\" sizes=\"(max-width: 474px) 100vw, 474px\" \/><figcaption id=\"caption-attachment-101\" class=\"wp-caption-text\">harmoniesuechtig<\/figcaption><\/figure>\n<p>Und hier sieht man mich bei der Programmierung meiner neuen Internetseiten, als ich mich wegen der \u00dcberf\u00fclle des vorhandenen Bildmaterials f\u00fchlte wie ein sehr kleiner Ochse vor einem sehr gro\u00dfen Berg:<\/p>\n<figure id=\"attachment_102\" aria-describedby=\"caption-attachment-102\" style=\"width: 474px\" class=\"wp-caption alignnone\"><img decoding=\"async\" loading=\"lazy\" class=\"wp-image-102 size-large\" src=\"http:\/\/evileu.de\/die-reisende-malerin\/wp-content\/uploads\/2016\/11\/kleiner-ochse-grosser-berg-834x1024.jpg\" alt=\"kleiner-ochse-grosser-berg\" width=\"474\" height=\"582\" srcset=\"https:\/\/evileu.de\/die-reisende-malerin\/wp-content\/uploads\/2016\/11\/kleiner-ochse-grosser-berg-834x1024.jpg 834w, https:\/\/evileu.de\/die-reisende-malerin\/wp-content\/uploads\/2016\/11\/kleiner-ochse-grosser-berg-244x300.jpg 244w, https:\/\/evileu.de\/die-reisende-malerin\/wp-content\/uploads\/2016\/11\/kleiner-ochse-grosser-berg-768x943.jpg 768w, https:\/\/evileu.de\/die-reisende-malerin\/wp-content\/uploads\/2016\/11\/kleiner-ochse-grosser-berg.jpg 1144w\" sizes=\"(max-width: 474px) 100vw, 474px\" \/><figcaption id=\"caption-attachment-102\" class=\"wp-caption-text\">kleiner-ochse-grosser-berg<\/figcaption><\/figure>\n<p>Heute nehme ich mir nicht nur alle Zeit der Welt zum Malen, ich pflege auch meine anderen Hobbies. Ich handarbeite sehr viel, stricke und h\u00e4kle, n\u00e4he, filze und sticke und patchworke. Ich bastle Glasperlen-Schmuck und Weihnachtssterne, ich baue M\u00f6bel und so alberne Kleinigkeiten wie leicht verr\u00fcckte Teelichthalter. Ich koche gern und gut, auch oft f\u00fcr Freunde, und backe leidenschaftlich gern Kuchen, Torten und Pl\u00e4tzerl. Ich nehme mir im Sommer viel Zeit um am See zu liegen, und im Winter geh ich gern auf Weihnachtsm\u00e4rkte und zum Skifahren.<\/p>\n<p>Ich bin auch viel im Internet unterwegs und mache immer wieder mal kleinere Programmierprojekte, damit mein &#8222;technisches Gehirn&#8220; nicht einrostet und ich meine Computerkenntnisse immer wieder auf den neuesten Stand bringen kann.<\/p>\n<p>Und ich male, wieder und immer noch. Ich habe bei der Durchsicht meines Bildarchivs viele Skizzen und unfertige Bilder gefunden, mit denen arbeite ich jetzt im Winter zuhause, was dabei herauskommt seht ihr ganz aktuell auf dieser Seite in meinem <a href=\"http:\/\/evileu.de\/die-reisende-malerin\/maltagebuch\/\">Maltagebuch<\/a>.<\/p>\n<p>Ich mache auch Illustrationen f\u00fcr das <a href=\"http:\/\/evileu.de\/inselfisch-kochbuch\/\">Inselfisch-Kochbuch<\/a>,\u00a0 und ich habe die Arbeit an meinem neuen Kinderbuch &#8222;Flo, der kleine blaue Drache&#8220; wieder aufgenommen. Ich denke, ich schreibe es vielleicht in diesem Winter noch fertig, und dann im Fr\u00fchling freue ich mich wieder darauf, hinaus in die Landschaft zu gehen und draussen Bilder aus dem sch\u00f6nen Oberland zu machen. Die reisende Malerin geht dann wieder auf Tour und bringt euch n\u00e4chstes Jahr hoffentlich wieder viele Bilder aus dem Blauen Land mit!<\/p>\n<figure id=\"attachment_104\" aria-describedby=\"caption-attachment-104\" style=\"width: 474px\" class=\"wp-caption alignnone\"><img decoding=\"async\" loading=\"lazy\" class=\"wp-image-104 size-large\" src=\"http:\/\/evileu.de\/die-reisende-malerin\/wp-content\/uploads\/2016\/11\/Gewitterstimmung_Aufhofen-1024x744.jpg\" alt=\"gewitterstimmung_aufhofen\" width=\"474\" height=\"344\" srcset=\"https:\/\/evileu.de\/die-reisende-malerin\/wp-content\/uploads\/2016\/11\/Gewitterstimmung_Aufhofen-1024x744.jpg 1024w, https:\/\/evileu.de\/die-reisende-malerin\/wp-content\/uploads\/2016\/11\/Gewitterstimmung_Aufhofen-300x218.jpg 300w, https:\/\/evileu.de\/die-reisende-malerin\/wp-content\/uploads\/2016\/11\/Gewitterstimmung_Aufhofen-768x558.jpg 768w, https:\/\/evileu.de\/die-reisende-malerin\/wp-content\/uploads\/2016\/11\/Gewitterstimmung_Aufhofen.jpg 1754w\" sizes=\"(max-width: 474px) 100vw, 474px\" \/><figcaption id=\"caption-attachment-104\" class=\"wp-caption-text\">gewitterstimmung_aufhofen<\/figcaption><\/figure>\n<p>&nbsp;<\/p>\n","protected":false},"excerpt":{"rendered":"<p>Ich bin ja nach meiner Ausbildung zur Fachinformatikerin wieder voll in den Beruf eingestiegen und habe nochmal Karriere gemacht, diesmal als selbst\u00e4ndige Freelancerin. Das lief mal gut und mal weniger gut, wie das bei Freiberuflern halt so ist, manchmal hatte ich gar nichts zu tun und manchmal ersoff ich in Arbeit. Ich habe mir aber &hellip; <a href=\"https:\/\/evileu.de\/die-reisende-malerin\/mein-lebenslauf-in-bildern\/aufbruch-in-einen-neuen-lebensabschnitt-2008\/\" class=\"more-link\"><span class=\"screen-reader-text\">Neuer Lebensabschnitt 2008<\/span> weiterlesen <span class=\"meta-nav\">&rarr;<\/span><\/a><\/p>\n","protected":false},"author":1,"featured_media":0,"parent":9,"menu_order":6,"comment_status":"closed","ping_status":"closed","template":"","meta":[],"_links":{"self":[{"href":"https:\/\/evileu.de\/die-reisende-malerin\/wp-json\/wp\/v2\/pages\/88"}],"collection":[{"href":"https:\/\/evileu.de\/die-reisende-malerin\/wp-json\/wp\/v2\/pages"}],"about":[{"href":"https:\/\/evileu.de\/die-reisende-malerin\/wp-json\/wp\/v2\/types\/page"}],"author":[{"embeddable":true,"href":"https:\/\/evileu.de\/die-reisende-malerin\/wp-json\/wp\/v2\/users\/1"}],"replies":[{"embeddable":true,"href":"https:\/\/evileu.de\/die-reisende-malerin\/wp-json\/wp\/v2\/comments?post=88"}],"version-history":[{"count":7,"href":"https:\/\/evileu.de\/die-reisende-malerin\/wp-json\/wp\/v2\/pages\/88\/revisions"}],"predecessor-version":[{"id":112,"href":"https:\/\/evileu.de\/die-reisende-malerin\/wp-json\/wp\/v2\/pages\/88\/revisions\/112"}],"up":[{"embeddable":true,"href":"https:\/\/evileu.de\/die-reisende-malerin\/wp-json\/wp\/v2\/pages\/9"}],"wp:attachment":[{"href":"https:\/\/evileu.de\/die-reisende-malerin\/wp-json\/wp\/v2\/media?parent=88"}],"curies":[{"name":"wp","href":"https:\/\/api.w.org\/{rel}","templated":true}]}}