{"id":70,"date":"2016-11-26T02:55:43","date_gmt":"2016-11-26T01:55:43","guid":{"rendered":"http:\/\/evileu.de\/die-reisende-malerin\/?page_id=70"},"modified":"2016-11-26T05:59:48","modified_gmt":"2016-11-26T04:59:48","slug":"die-wilden-jahre-an-der-uni-studentenzeiten-1980-1990","status":"publish","type":"page","link":"https:\/\/evileu.de\/die-reisende-malerin\/mein-lebenslauf-in-bildern\/die-wilden-jahre-an-der-uni-studentenzeiten-1980-1990\/","title":{"rendered":"Studentenzeiten 1980-1990"},"content":{"rendered":"<p>Nach dem Abitur habe ich mich wie bereits gesagt erstmal im Fach Anglistik an der Ludwig-Maximilians-Universit\u00e4t eingeschrieben, weil ich in meinem Wunschfach Biologie wegen des Numerus Clausus noch auf einen Studienplatz warten mu\u00dfte. Was soll ich sagen, ich hab mich fast zu Tode gelangweilt dabei. Die Sprache beherrschte ich schon perfekt\u00a0 &#8211; ich habe mein Leben lang viele amerikanische Freunde gehabt und schon als kleines M\u00e4dchen viele, viele B\u00fccher im englischen Original gelesen, dazu hatte ich dann noch den Leistungskurs Englisch im Gymnasium und hatte dort eine sehr gute Lehrerin. W\u00e4hrend also meine Kommilitonen noch Vokabeln und Grammatik paukten, sa\u00df ich in den Vorlesungen und Seminaren und habe mich gelangweilt, gelangweilt und gelangweilt.<\/p>\n<p>Ich habe mich dann zun\u00e4chst einmal an der Kunstakademie beworben, da half mir der Herr Schuster nach dem Abitur noch, meine Bewerbungsmappe zusammenzustellen, aber ich wurde abgelehnt. Fand ich jetzt nicht weiter tragisch, Kunsterzieherin wollte ich sowieso nicht werden, und malen konnte ich auch ohne Akademie.<\/p>\n<p>Was machte ich also? Die Anglistik-Seminare ritt ich &#8222;auf der linken Arschbacke&#8220; ab, daf\u00fcr st\u00fcrzte ich mich mit Begeisterung ins Schwabinger Nachtleben und fand unter meinen Kommilitonen haufenweise neue Freunde. Wir zogen durch die Kneipen, gingen auf die tollsten Pop- und Rock-Konzerte, veranstalteten die wildesten Parties und feierten oft die N\u00e4chte durch.\u00a0 Das Studium lief dabei eher so nebenher mit, da tat man nur das N\u00f6tigste. Ausserdem fing ich in dieser Zeit an, mich sehr f\u00fcr Politik zu interessieren und nahm an vielen Demos und Diskussionen teil. Ich wurde schon ganz fr\u00fch Mitglied bei den neugegr\u00fcndeten &#8222;Gr\u00fcnen&#8220; udn interessierte mich sehr f\u00fcr den Umweltschutz, das war damals ein brandhei\u00dfes neues Thema. Gemalt habe ich nicht viel in der Zeit, da war ich zu sehr mit Feiern und Diskutieren besch\u00e4ftigt.<\/p>\n<p>Dann bekam ich 1982 den hei\u00df ersehnten Studienplatz in Biologie, allerdings nicht in M\u00fcnchen, sondern an der Uni Regensburg. Ich mu\u00dfte ins Exil, weg von meinen M\u00fcnchner Freunden! Gewohnt habe ich damals bei meiner Patentante in Burglengenfeld, da ging ein Bus nach Regensburg morgens um 6, der letzte Bus zur\u00fcck abends um 6, da war nix mit Nachtleben, ich sa\u00df jeden Abend und jedes Wochenende alleine in\u00a0 meinem Zimmerchen im Haus der Tante und war ganz schrecklich einsam.\u00a0 In der Zeit habe ich angefangen, dicke B\u00fccher zu schreiben, dicke Schwarten von mehreren Hundert Seiten, mit der Hand und Kugelschreiber auf kariertem Papier.\u00a0 Science Fiction zumeist, und eine gro\u00dfe Fantasy-Trilogie, die mich \u00fcber mehrere Jahre hinweg besch\u00e4ftigte. In dieser Zeit malte ich auch wieder ein bi\u00dfchen, vor allem Illustrationen zu meinen B\u00fcchern.\u00a0 Hier sehen Sie meine Heldin Sakita aus dem Fantasyroman &#8222;Die Legende von Chimarra&#8220;:<\/p>\n<figure id=\"attachment_72\" aria-describedby=\"caption-attachment-72\" style=\"width: 210px\" class=\"wp-caption alignnone\"><img decoding=\"async\" loading=\"lazy\" class=\"size-medium wp-image-72\" src=\"http:\/\/evileu.de\/die-reisende-malerin\/wp-content\/uploads\/2016\/11\/sakita-von-chimarra-210x300.jpg\" alt=\"sakita-von-chimarra\" width=\"210\" height=\"300\" srcset=\"https:\/\/evileu.de\/die-reisende-malerin\/wp-content\/uploads\/2016\/11\/sakita-von-chimarra-210x300.jpg 210w, https:\/\/evileu.de\/die-reisende-malerin\/wp-content\/uploads\/2016\/11\/sakita-von-chimarra-768x1095.jpg 768w, https:\/\/evileu.de\/die-reisende-malerin\/wp-content\/uploads\/2016\/11\/sakita-von-chimarra-718x1024.jpg 718w, https:\/\/evileu.de\/die-reisende-malerin\/wp-content\/uploads\/2016\/11\/sakita-von-chimarra.jpg 1221w\" sizes=\"(max-width: 210px) 100vw, 210px\" \/><figcaption id=\"caption-attachment-72\" class=\"wp-caption-text\">sakita-von-chimarra<\/figcaption><\/figure>\n<p>Die Manuskripte habe ich \u00fcbrigens alle noch, irgendwann \u00fcberarbeite ich sie mal und suche mir einen Verleger daf\u00fcr, wenn ich mal so richtig viel Zeit habe.<\/p>\n<figure id=\"attachment_73\" aria-describedby=\"caption-attachment-73\" style=\"width: 279px\" class=\"wp-caption alignnone\"><img decoding=\"async\" loading=\"lazy\" class=\"size-medium wp-image-73\" src=\"http:\/\/evileu.de\/die-reisende-malerin\/wp-content\/uploads\/2016\/11\/lelja-von-chimarra-279x300.jpg\" alt=\"lelja-von-chimarra\" width=\"279\" height=\"300\" srcset=\"https:\/\/evileu.de\/die-reisende-malerin\/wp-content\/uploads\/2016\/11\/lelja-von-chimarra-279x300.jpg 279w, https:\/\/evileu.de\/die-reisende-malerin\/wp-content\/uploads\/2016\/11\/lelja-von-chimarra-768x825.jpg 768w, https:\/\/evileu.de\/die-reisende-malerin\/wp-content\/uploads\/2016\/11\/lelja-von-chimarra-953x1024.jpg 953w, https:\/\/evileu.de\/die-reisende-malerin\/wp-content\/uploads\/2016\/11\/lelja-von-chimarra.jpg 1167w\" sizes=\"(max-width: 279px) 100vw, 279px\" \/><figcaption id=\"caption-attachment-73\" class=\"wp-caption-text\">lelja-von-chimarra<\/figcaption><\/figure>\n<p>Nach vier harten, sterbenslangweiligen Semestern in Regensburg bekam ich dann endlich wieder einen Studienplatz in M\u00fcnchen und durfte wieder heim. Was war ich gl\u00fccklich, wieder in M\u00fcnchen bei meinen Freunden zu sein! Ich st\u00fcrzte mich wieder ins Nachtleben, nebenbei arbeitete ich in vielen verschiedenen Studentenjobs und konnte mir so etliche sch\u00f6ne Urlaube finanzieren, in S\u00fcdfrankreich, in Italien, an der Nord- und Ostsee.<\/p>\n<figure id=\"attachment_75\" aria-describedby=\"caption-attachment-75\" style=\"width: 217px\" class=\"wp-caption alignnone\"><img decoding=\"async\" loading=\"lazy\" class=\"size-medium wp-image-75\" src=\"http:\/\/evileu.de\/die-reisende-malerin\/wp-content\/uploads\/2016\/11\/urlaubsfahrt-217x300.jpg\" alt=\"urlaubsfahrt\" width=\"217\" height=\"300\" srcset=\"https:\/\/evileu.de\/die-reisende-malerin\/wp-content\/uploads\/2016\/11\/urlaubsfahrt-217x300.jpg 217w, https:\/\/evileu.de\/die-reisende-malerin\/wp-content\/uploads\/2016\/11\/urlaubsfahrt-768x1062.jpg 768w, https:\/\/evileu.de\/die-reisende-malerin\/wp-content\/uploads\/2016\/11\/urlaubsfahrt-740x1024.jpg 740w, https:\/\/evileu.de\/die-reisende-malerin\/wp-content\/uploads\/2016\/11\/urlaubsfahrt.jpg 1264w\" sizes=\"(max-width: 217px) 100vw, 217px\" \/><figcaption id=\"caption-attachment-75\" class=\"wp-caption-text\">urlaubsfahrt<\/figcaption><\/figure>\n<p>Das Malen geriet in der Zeit sehr ins Hintertreffen, ich hatte einfach zu viele andere Interessen. Ich hab nur noch einzelne Studien gemalt, und meistens sind die Bilder nicht fertig geworden.\u00a0 Ich war einfach zu sehr mit Feiern besch\u00e4ftigt und tanzte und diskutierte mit meinen Freunden oft die N\u00e4chte durch.<\/p>\n<figure id=\"attachment_74\" aria-describedby=\"caption-attachment-74\" style=\"width: 217px\" class=\"wp-caption alignnone\"><img decoding=\"async\" loading=\"lazy\" class=\"size-medium wp-image-74\" src=\"http:\/\/evileu.de\/die-reisende-malerin\/wp-content\/uploads\/2016\/11\/durchtanzte-nacht-217x300.jpg\" alt=\"durchtanzte-nacht\" width=\"217\" height=\"300\" srcset=\"https:\/\/evileu.de\/die-reisende-malerin\/wp-content\/uploads\/2016\/11\/durchtanzte-nacht-217x300.jpg 217w, https:\/\/evileu.de\/die-reisende-malerin\/wp-content\/uploads\/2016\/11\/durchtanzte-nacht-768x1062.jpg 768w, https:\/\/evileu.de\/die-reisende-malerin\/wp-content\/uploads\/2016\/11\/durchtanzte-nacht-740x1024.jpg 740w, https:\/\/evileu.de\/die-reisende-malerin\/wp-content\/uploads\/2016\/11\/durchtanzte-nacht.jpg 1264w\" sizes=\"(max-width: 217px) 100vw, 217px\" \/><figcaption id=\"caption-attachment-74\" class=\"wp-caption-text\">durchtanzte-nacht<\/figcaption><\/figure>\n<p>Mit der Biologie wurde ich leider nicht recht gl\u00fccklich, ich scheiterte an den beiden Mu\u00df-Nebenf\u00e4chern Chemie und Mathematik, da schaffte ich einfach die Vordiplomspr\u00fcfungen nicht. (Lag wohl auch an den durchgefeierten N\u00e4chten ;))<\/p>\n<p>Daf\u00fcr tat sich mir aber eine v\u00f6llig neue Perspektive auf, auch f\u00fcr den Beruf: ich lernte, mit Computern umzugehen! Einen Studiengang Informatik gab es zu meiner Zeit noch nicht, dazu war die Computerwissenschaft noch zu neu. Ich habe aber alle Seminare und Kurse belegt, die ich zum Thema elektronische Datenverarbeitung nur kriegen konnte, hatte selbst meinen ersten Computer und lernte das Programmieren, und bekam schlie\u00dflich einen lukrativen Job angeboten, im Rechenzentrum einer grossen Berufsgenossenschaft in Pasing. Ich ging ohne Abschlu\u00df von der Uni weg und st\u00fcrzte mich ins Berufsleben, um gleich richtig viel Geld zu verdienen, 1990 war das. Und damit beginnt wieder ein neues Kapitel meines Lebens in Bildern.<\/p>\n","protected":false},"excerpt":{"rendered":"<p>Nach dem Abitur habe ich mich wie bereits gesagt erstmal im Fach Anglistik an der Ludwig-Maximilians-Universit\u00e4t eingeschrieben, weil ich in meinem Wunschfach Biologie wegen des Numerus Clausus noch auf einen Studienplatz warten mu\u00dfte. Was soll ich sagen, ich hab mich fast zu Tode gelangweilt dabei. Die Sprache beherrschte ich schon perfekt\u00a0 &#8211; ich habe mein &hellip; <a href=\"https:\/\/evileu.de\/die-reisende-malerin\/mein-lebenslauf-in-bildern\/die-wilden-jahre-an-der-uni-studentenzeiten-1980-1990\/\" class=\"more-link\"><span class=\"screen-reader-text\">Studentenzeiten 1980-1990<\/span> weiterlesen <span class=\"meta-nav\">&rarr;<\/span><\/a><\/p>\n","protected":false},"author":1,"featured_media":0,"parent":9,"menu_order":3,"comment_status":"closed","ping_status":"closed","template":"","meta":[],"_links":{"self":[{"href":"https:\/\/evileu.de\/die-reisende-malerin\/wp-json\/wp\/v2\/pages\/70"}],"collection":[{"href":"https:\/\/evileu.de\/die-reisende-malerin\/wp-json\/wp\/v2\/pages"}],"about":[{"href":"https:\/\/evileu.de\/die-reisende-malerin\/wp-json\/wp\/v2\/types\/page"}],"author":[{"embeddable":true,"href":"https:\/\/evileu.de\/die-reisende-malerin\/wp-json\/wp\/v2\/users\/1"}],"replies":[{"embeddable":true,"href":"https:\/\/evileu.de\/die-reisende-malerin\/wp-json\/wp\/v2\/comments?post=70"}],"version-history":[{"count":4,"href":"https:\/\/evileu.de\/die-reisende-malerin\/wp-json\/wp\/v2\/pages\/70\/revisions"}],"predecessor-version":[{"id":113,"href":"https:\/\/evileu.de\/die-reisende-malerin\/wp-json\/wp\/v2\/pages\/70\/revisions\/113"}],"up":[{"embeddable":true,"href":"https:\/\/evileu.de\/die-reisende-malerin\/wp-json\/wp\/v2\/pages\/9"}],"wp:attachment":[{"href":"https:\/\/evileu.de\/die-reisende-malerin\/wp-json\/wp\/v2\/media?parent=70"}],"curies":[{"name":"wp","href":"https:\/\/api.w.org\/{rel}","templated":true}]}}