{"id":68,"date":"2016-12-12T17:43:52","date_gmt":"2016-12-12T16:43:52","guid":{"rendered":"http:\/\/evileu.de\/aquarellmalerei\/?page_id=68"},"modified":"2017-08-28T05:14:55","modified_gmt":"2017-08-28T03:14:55","slug":"meine-lieblingsplaetze","status":"publish","type":"page","link":"https:\/\/evileu.de\/aquarellmalerei\/meine-lieblingsplaetze\/","title":{"rendered":"Meine Lieblingspl\u00e4tze"},"content":{"rendered":"<p>Hier stelle ich ihnen die Gegenden vor, wo ich am liebsten beim Malen bin. Mein &#8222;Reisegebiet&#8220; reicht von M\u00fcnchen \u00fcbers F\u00fcnf-Seenland bis zu den Bergen, von der Isar \u00fcber das Voralpenland bis hinauf zum sch\u00f6nen Walchensee. Folgen Sie mir auf einer Bilderreise in unsere herrliche Heimat, ich zeige Ihnen Oberbayerns sch\u00f6nste Landschaften!<\/p>\n","protected":false},"excerpt":{"rendered":"<p>Hier stelle ich ihnen die Gegenden vor, wo ich am liebsten beim Malen bin. Mein &#8222;Reisegebiet&#8220; reicht von M\u00fcnchen \u00fcbers F\u00fcnf-Seenland bis zu den Bergen, von der Isar \u00fcber das Voralpenland bis hinauf zum sch\u00f6nen Walchensee. Folgen Sie mir auf einer Bilderreise in unsere herrliche Heimat, ich zeige Ihnen Oberbayerns sch\u00f6nste Landschaften!<\/p>\n","protected":false},"author":1,"featured_media":0,"parent":0,"menu_order":2,"comment_status":"closed","ping_status":"closed","template":"","meta":[],"_links":{"self":[{"href":"https:\/\/evileu.de\/aquarellmalerei\/wp-json\/wp\/v2\/pages\/68"}],"collection":[{"href":"https:\/\/evileu.de\/aquarellmalerei\/wp-json\/wp\/v2\/pages"}],"about":[{"href":"https:\/\/evileu.de\/aquarellmalerei\/wp-json\/wp\/v2\/types\/page"}],"author":[{"embeddable":true,"href":"https:\/\/evileu.de\/aquarellmalerei\/wp-json\/wp\/v2\/users\/1"}],"replies":[{"embeddable":true,"href":"https:\/\/evileu.de\/aquarellmalerei\/wp-json\/wp\/v2\/comments?post=68"}],"version-history":[{"count":2,"href":"https:\/\/evileu.de\/aquarellmalerei\/wp-json\/wp\/v2\/pages\/68\/revisions"}],"predecessor-version":[{"id":513,"href":"https:\/\/evileu.de\/aquarellmalerei\/wp-json\/wp\/v2\/pages\/68\/revisions\/513"}],"wp:attachment":[{"href":"https:\/\/evileu.de\/aquarellmalerei\/wp-json\/wp\/v2\/media?parent=68"}],"curies":[{"name":"wp","href":"https:\/\/api.w.org\/{rel}","templated":true}]}}