{"id":55,"date":"2016-12-09T18:40:18","date_gmt":"2016-12-09T17:40:18","guid":{"rendered":"http:\/\/evileu.de\/aquarellmalerei\/?page_id=55"},"modified":"2017-08-24T03:46:27","modified_gmt":"2017-08-24T01:46:27","slug":"verschiedene-maltechniken","status":"publish","type":"page","link":"https:\/\/evileu.de\/aquarellmalerei\/ein-kleiner-malkurs\/verschiedene-maltechniken\/","title":{"rendered":"Verschiedene Maltechniken"},"content":{"rendered":"<h2>Die trockene Aquarell-&#8222;Zeichnung&#8220;<\/h2>\n<p>Ich bevorzuge eine relativ trockene Maltechnik, bei der die Farben m\u00f6glichst nebeneinander aufs Papier gesetzt werden und nur wenig ineinander verlaufen, um ihre Leuchtkraft zu erhalten. Dies nennt man auch eine Aquarellzeichnung, weil der Pinsel dabei \u00e4hnlich wie ein Zeichenstift eingesetzt wird.<\/p>\n<figure id=\"attachment_155\" aria-describedby=\"caption-attachment-155\" style=\"width: 292px\" class=\"wp-caption alignnone\"><img decoding=\"async\" loading=\"lazy\" class=\"size-full wp-image-155\" src=\"http:\/\/evileu.de\/aquarellmalerei\/wp-content\/uploads\/2016\/12\/st-heinrich-januar-1.jpg\" alt=\"st.heinrich im januar\" width=\"292\" height=\"400\" srcset=\"https:\/\/evileu.de\/aquarellmalerei\/wp-content\/uploads\/2016\/12\/st-heinrich-januar-1.jpg 292w, https:\/\/evileu.de\/aquarellmalerei\/wp-content\/uploads\/2016\/12\/st-heinrich-januar-1-219x300.jpg 219w\" sizes=\"(max-width: 292px) 100vw, 292px\" \/><figcaption id=\"caption-attachment-155\" class=\"wp-caption-text\">st.heinrich im januar<\/figcaption><\/figure>\n<h2>Na\u00df-in-Na\u00df-Technik<\/h2>\n<p>Aber man kann ein Aquarell auch anders gestalten. Besonders weiche und flie\u00dfende \u00dcberg\u00e4nge erzielt man mit der Na\u00df-in-Na\u00df-Technik, bei der das gesamte Papier zun\u00e4chst angefeuchtet wird, ehe man die Farben aufbringt. Hierbei lassen sich besonders sanfte Schattierungen erzielen, wie sie zum Beispiel f\u00fcr Wolken oder eine Meereslandschaft erw\u00fcnscht sind. Auch abstrakte Bilder lassen sich mit der Na\u00df-in-Na\u00df-Technik interessant und eindrucksvoll gestalten.<\/p>\n<figure id=\"attachment_56\" aria-describedby=\"caption-attachment-56\" style=\"width: 150px\" class=\"wp-caption alignnone\"><img decoding=\"async\" loading=\"lazy\" class=\"wp-image-56 size-full\" src=\"http:\/\/evileu.de\/aquarellmalerei\/wp-content\/uploads\/2016\/12\/abstrakt_nass.jpg\" alt=\"abstrakt nass\" width=\"150\" height=\"194\" \/><figcaption id=\"caption-attachment-56\" class=\"wp-caption-text\">abstrakt nass<\/figcaption><\/figure>\n<h2>Lasuren von hell nach dunkel<\/h2>\n<p>Selten ist man mit dem ersten Farbauftrag schon fertig, in den meisten F\u00e4llen wird man mit Lasuren arbeiten, um Farben intensiver zu machen und Schatten und Landschaftselemente zu gestalten. Dabei \u00fcbermalt man die bereits trockene Farbe mit einem weiteren Farbauftrag, wie in nebenstehendem Bild an den Wolken besonders gut zu erkennen ist. Hier wurden die zuerst hellst Graublau gemalten Wolkenformen mit violetten und anthrazitfarbenen Lasuren intensiviert, um die Sturmstimmung zu betonen.<\/p>\n<figure id=\"attachment_57\" aria-describedby=\"caption-attachment-57\" style=\"width: 205px\" class=\"wp-caption alignnone\"><img decoding=\"async\" loading=\"lazy\" class=\"wp-image-57 size-full\" src=\"http:\/\/evileu.de\/aquarellmalerei\/wp-content\/uploads\/2016\/12\/sturmtief-ueber-der-alten-flight.jpg\" alt=\"sturmtief ueber der alten flight\" width=\"205\" height=\"149\" \/><figcaption id=\"caption-attachment-57\" class=\"wp-caption-text\">sturmtief ueber der alten flight<\/figcaption><\/figure>\n<h2 class=\"entry-title\">Hell auf Dunkel: der Trick mit der Maskierfl\u00fcssigkeit<\/h2>\n<p>Eine der schwierigsten Techniken der Aquarellmalerei ist das Malen von hellen Objekten auf einem dunklen Untergrund. Man kann nat\u00fcrlich die hellen Bildelemente zuerst mal anzeichnen und dann den Untergrund mit kr\u00e4ftigem Farbauftrag dunkel ausmalen, aber das ist gerade bei feingliedrigeren Motiven eine Heidenarbeit. Damit das Hell-auf-Dunkel trotzdem gelingt, gibt es einen Trick: man verwendet Maskierfl\u00fcssigkeit.<\/p>\n<figure id=\"attachment_191\" aria-describedby=\"caption-attachment-191\" style=\"width: 474px\" class=\"wp-caption alignnone\"><img decoding=\"async\" loading=\"lazy\" class=\"size-large wp-image-191\" src=\"http:\/\/evileu.de\/aquarellmalerei\/wp-content\/uploads\/2016\/12\/isar-herbstlaub-1024x788.jpg\" alt=\"herbstlaub am isarufer\" width=\"474\" height=\"365\" srcset=\"https:\/\/evileu.de\/aquarellmalerei\/wp-content\/uploads\/2016\/12\/isar-herbstlaub-1024x788.jpg 1024w, https:\/\/evileu.de\/aquarellmalerei\/wp-content\/uploads\/2016\/12\/isar-herbstlaub-300x231.jpg 300w, https:\/\/evileu.de\/aquarellmalerei\/wp-content\/uploads\/2016\/12\/isar-herbstlaub-768x591.jpg 768w, https:\/\/evileu.de\/aquarellmalerei\/wp-content\/uploads\/2016\/12\/isar-herbstlaub.jpg 1456w\" sizes=\"(max-width: 474px) 100vw, 474px\" \/><figcaption id=\"caption-attachment-191\" class=\"wp-caption-text\">herbstlaub am isarufer<\/figcaption><\/figure>\n<p>Maskierfl\u00fcssigkeit ist eine schnelltrocknenden Gummil\u00f6sung, die nach dem Trocknen mit einem Radiergummi wieder entfernt werden kann. Sie ist relativ z\u00e4hfl\u00fcssig, so da\u00df man nicht wirklich haarfeine Details damit abdecken kann, aber mit einem spitzen Pinsel und etwas Geduld klappt auch das Abdecken feinerer Bildelemente.<\/p>\n<p>Man f\u00fcllt einfach die Stellen im Bild, die hell bleiben sollen, mit Maskierfl\u00fcssigkeit aus. Die l\u00e4\u00dft man dann ein paar Minuten trocknen. Dann kann man den Hintergrund mit gro\u00dfz\u00fcgigem Pinselstrich in dunkleren Farben ausf\u00fcllen, da wo die Markierfl\u00fcssigkeit auf dem Papier liegt, perlt die Farbe ab und dringt nicht in das Papier ein.<\/p>\n<p>Bild trocknen lassen, und mit einem weichen Radiergummi die Maskierfl\u00fcssigkeit mit etwas Gef\u00fchl wieder abradieren. Dann kann man in die wei\u00df gebliebenen Stellen die feinen Details der hellen Bildelemente mit leichter Hand und zartem Farbauftrag ausf\u00fcllen. Das sieht man hier auf dem Bild aus dem M\u00fcnchner Rosengarten besonders sch\u00f6n:<\/p>\n<figure id=\"attachment_105\" aria-describedby=\"caption-attachment-105\" style=\"width: 474px\" class=\"wp-caption alignnone\"><img decoding=\"async\" loading=\"lazy\" class=\"size-large wp-image-105\" src=\"http:\/\/evileu.de\/aquarellmalerei\/wp-content\/uploads\/2016\/12\/rosengarten_pergola-1024x802.jpg\" alt=\"die pergola im rosengarten\" width=\"474\" height=\"371\" srcset=\"https:\/\/evileu.de\/aquarellmalerei\/wp-content\/uploads\/2016\/12\/rosengarten_pergola-1024x802.jpg 1024w, https:\/\/evileu.de\/aquarellmalerei\/wp-content\/uploads\/2016\/12\/rosengarten_pergola-300x235.jpg 300w, https:\/\/evileu.de\/aquarellmalerei\/wp-content\/uploads\/2016\/12\/rosengarten_pergola-768x602.jpg 768w, https:\/\/evileu.de\/aquarellmalerei\/wp-content\/uploads\/2016\/12\/rosengarten_pergola.jpg 1516w\" sizes=\"(max-width: 474px) 100vw, 474px\" \/><figcaption id=\"caption-attachment-105\" class=\"wp-caption-text\">die pergola im rosengarten<\/figcaption><\/figure>\n<p><strong>Wichtig!<\/strong> Die Maskierfl\u00fcssigkeit mu\u00df <strong>am selben Tag<\/strong> noch entfernt werden, wenn sie l\u00e4nger als ein paar Stunden eintrocknet, kriegt man sie nicht mehr ab und das Bild ist ruiniert.<\/p>\n<h2><strong>Zu guter Letzt: Seien sie spontan!<\/strong><\/h2>\n<p>Eine herausragende Eigenschaft der Aquarellfarben ist, dass man nur mit Wasser und Pinsel arbeitet und keine besonderen L\u00f6sungsmittel oder Mischtechniken ben\u00f6tigt. Ein Aquarell kann ganz spontan entstehen, auch ohne Skizze, indem man einfach die Farben mutig aufs Papier setzt. Farben und Fl\u00e4chen sind viel wichtiger als Details!<\/p>\n<h2>Landschaften mit wenigen Pinselstrichen<\/h2>\n<p>Man kommt besonders bei Landschaften mit ganz wenigen Linien aus, wie man auf diesem Winterbild gut sehen kann.<\/p>\n<figure id=\"attachment_58\" aria-describedby=\"caption-attachment-58\" style=\"width: 104px\" class=\"wp-caption alignnone\"><img decoding=\"async\" loading=\"lazy\" class=\"size-full wp-image-58\" src=\"http:\/\/evileu.de\/aquarellmalerei\/wp-content\/uploads\/2016\/12\/blauer-schatten.jpg\" alt=\"blauer-schatten\" width=\"104\" height=\"149\" \/><figcaption id=\"caption-attachment-58\" class=\"wp-caption-text\">blauer-schatten<\/figcaption><\/figure>\n<h2>Blumen ganz schlicht<\/h2>\n<p>Blumenbilder sind ein besonders dankbares Objekt der Aquarellmalerei. Hier kann man bereits mit wenigen Pinselstrichen sch\u00f6ne lebendige Motive erzielen.<\/p>\n<figure id=\"attachment_59\" aria-describedby=\"caption-attachment-59\" style=\"width: 119px\" class=\"wp-caption alignnone\"><img decoding=\"async\" loading=\"lazy\" class=\"size-full wp-image-59\" src=\"http:\/\/evileu.de\/aquarellmalerei\/wp-content\/uploads\/2016\/12\/tulpe.jpg\" alt=\"tulpe\" width=\"119\" height=\"119\" \/><figcaption id=\"caption-attachment-59\" class=\"wp-caption-text\">tulpe<\/figcaption><\/figure>\n<h2>Abstraktes<\/h2>\n<p>Aber auch abstrakte Motive kann man im Aquarell \u00fcberzeugend<br \/>\ngestalten. Lassen sie sich von der Leuchtkraft der Farben<br \/>\ninspirieren!<\/p>\n<figure id=\"attachment_60\" aria-describedby=\"caption-attachment-60\" style=\"width: 181px\" class=\"wp-caption alignnone\"><img decoding=\"async\" loading=\"lazy\" class=\"size-full wp-image-60\" src=\"http:\/\/evileu.de\/aquarellmalerei\/wp-content\/uploads\/2016\/12\/pastell-wolken.jpg\" alt=\"pastell-wolken\" width=\"181\" height=\"136\" \/><figcaption id=\"caption-attachment-60\" class=\"wp-caption-text\">pastell-wolken<\/figcaption><\/figure>\n<p>Und nun genug Theorie, jetzt geht\u2019s an die Farben und<br \/>\nMalbl\u00f6cke. Trauen sie sich, Aquarellmalen ist nicht schwer!<\/p>\n","protected":false},"excerpt":{"rendered":"<p>Die trockene Aquarell-&#8222;Zeichnung&#8220; Ich bevorzuge eine relativ trockene Maltechnik, bei der die Farben m\u00f6glichst nebeneinander aufs Papier gesetzt werden und nur wenig ineinander verlaufen, um ihre Leuchtkraft zu erhalten. Dies nennt man auch eine Aquarellzeichnung, weil der Pinsel dabei \u00e4hnlich wie ein Zeichenstift eingesetzt wird. Na\u00df-in-Na\u00df-Technik Aber man kann ein Aquarell auch anders gestalten. Besonders &hellip; <a href=\"https:\/\/evileu.de\/aquarellmalerei\/ein-kleiner-malkurs\/verschiedene-maltechniken\/\" class=\"more-link\"><span class=\"screen-reader-text\">Verschiedene Maltechniken<\/span> weiterlesen <span class=\"meta-nav\">&rarr;<\/span><\/a><\/p>\n","protected":false},"author":1,"featured_media":0,"parent":19,"menu_order":4,"comment_status":"closed","ping_status":"closed","template":"","meta":[],"_links":{"self":[{"href":"https:\/\/evileu.de\/aquarellmalerei\/wp-json\/wp\/v2\/pages\/55"}],"collection":[{"href":"https:\/\/evileu.de\/aquarellmalerei\/wp-json\/wp\/v2\/pages"}],"about":[{"href":"https:\/\/evileu.de\/aquarellmalerei\/wp-json\/wp\/v2\/types\/page"}],"author":[{"embeddable":true,"href":"https:\/\/evileu.de\/aquarellmalerei\/wp-json\/wp\/v2\/users\/1"}],"replies":[{"embeddable":true,"href":"https:\/\/evileu.de\/aquarellmalerei\/wp-json\/wp\/v2\/comments?post=55"}],"version-history":[{"count":6,"href":"https:\/\/evileu.de\/aquarellmalerei\/wp-json\/wp\/v2\/pages\/55\/revisions"}],"predecessor-version":[{"id":323,"href":"https:\/\/evileu.de\/aquarellmalerei\/wp-json\/wp\/v2\/pages\/55\/revisions\/323"}],"up":[{"embeddable":true,"href":"https:\/\/evileu.de\/aquarellmalerei\/wp-json\/wp\/v2\/pages\/19"}],"wp:attachment":[{"href":"https:\/\/evileu.de\/aquarellmalerei\/wp-json\/wp\/v2\/media?parent=55"}],"curies":[{"name":"wp","href":"https:\/\/api.w.org\/{rel}","templated":true}]}}