{"id":38,"date":"2016-12-09T17:27:38","date_gmt":"2016-12-09T16:27:38","guid":{"rendered":"http:\/\/evileu.de\/aquarellmalerei\/?page_id=38"},"modified":"2017-08-22T15:50:16","modified_gmt":"2017-08-22T13:50:16","slug":"ueber-die-farben","status":"publish","type":"page","link":"https:\/\/evileu.de\/aquarellmalerei\/ein-kleiner-malkurs\/ueber-die-farben\/","title":{"rendered":"\u00dcber die Farben"},"content":{"rendered":"<h2><strong>Grundlegendes zur Farbtheorie<\/strong><\/h2>\n<p>Alle Aquarellfarben sind untereinander mischbar, so l\u00e4sst sich auch mit relativ wenigen Grundfarben eine gro\u00dfe Farbpalette erzielen. Es gibt aber auch Farben, die sich nicht aus anderen mischen lassen, dies sind die so genannten <strong>Prim\u00e4rfarben<\/strong> Rot, Blau und Gelb. Aus diesen Prim\u00e4rfarben wiederum lassen sich alle anderen Farben mischen, dies ist hier einmal in einem Farbkreis dargestellt:<\/p>\n<figure id=\"attachment_40\" aria-describedby=\"caption-attachment-40\" style=\"width: 300px\" class=\"wp-caption alignnone\"><img decoding=\"async\" loading=\"lazy\" class=\"wp-image-40 size-medium\" src=\"http:\/\/evileu.de\/aquarellmalerei\/wp-content\/uploads\/2016\/12\/farbkreis-300x300.jpg\" alt=\"Farbkreis mit Prim\u00e4rfarben und Sekund\u00e4rfarben\" width=\"300\" height=\"300\" srcset=\"https:\/\/evileu.de\/aquarellmalerei\/wp-content\/uploads\/2016\/12\/farbkreis-300x300.jpg 300w, https:\/\/evileu.de\/aquarellmalerei\/wp-content\/uploads\/2016\/12\/farbkreis-150x150.jpg 150w, https:\/\/evileu.de\/aquarellmalerei\/wp-content\/uploads\/2016\/12\/farbkreis.jpg 500w\" sizes=\"(max-width: 300px) 100vw, 300px\" \/><figcaption id=\"caption-attachment-40\" class=\"wp-caption-text\">Farbkreis mit Prim\u00e4rfarben und Sekund\u00e4rfarben<\/figcaption><\/figure>\n<p>Gelb und Rot ergibt Orange, aus Blau und Gelb wird Gr\u00fcn, und Blau und Rot wird zu Violett. Die neu gemischten Farben Orange, Gr\u00fcn und Violett nennt man auch <strong>Sekund\u00e4rfarben<\/strong>.<\/p>\n<h2>Komplement\u00e4rfarben<\/h2>\n<p>Im Farbkreis gegen\u00fcberliegende Farben nennt man auch <strong>Komplement\u00e4rfarben<\/strong>, z.B. Blau und Orange. Komplement\u00e4rfarben bringen sich gegenseitig zum Leuchten, und k\u00f6nnen gezielt eingesetzt werden, um besonders reizvolle Farbkontraste zu malen.<\/p>\n<p>Oranges Herbstlaub vor einem blauen Himmel ist ein besonders sch\u00f6nes Beispiel f\u00fcr einen leuchtenden <strong>Komplement\u00e4rkontrast.<\/strong><\/p>\n<figure id=\"attachment_42\" aria-describedby=\"caption-attachment-42\" style=\"width: 193px\" class=\"wp-caption alignnone\"><img decoding=\"async\" loading=\"lazy\" class=\"wp-image-42 size-full\" src=\"http:\/\/evileu.de\/aquarellmalerei\/wp-content\/uploads\/2016\/12\/herbst_percha.jpg\" alt=\"Herbst in Percha\" width=\"193\" height=\"140\" \/><figcaption id=\"caption-attachment-42\" class=\"wp-caption-text\">Herbst in Percha<\/figcaption><\/figure>\n<p>Besonders reizvoll ist auch das Farbenpaar Rot\/Gr\u00fcn, das man oft bei Obststilleben und Blumen einsetzt, z.B. Erdbeeren mit Gr\u00fcn, rote und gr\u00fcne \u00c4pfel.<\/p>\n<figure id=\"attachment_43\" aria-describedby=\"caption-attachment-43\" style=\"width: 127px\" class=\"wp-caption alignnone\"><img decoding=\"async\" loading=\"lazy\" class=\"size-full wp-image-43\" src=\"http:\/\/evileu.de\/aquarellmalerei\/wp-content\/uploads\/2016\/12\/erdbeeren.jpg\" alt=\"erdbeeren\" width=\"127\" height=\"85\" \/><figcaption id=\"caption-attachment-43\" class=\"wp-caption-text\">erdbeeren<\/figcaption><\/figure>\n<h2><strong>Wenn sich alle Farben mischen lassen, warum braucht man dann so viele N\u00e4pfchen?<\/strong><\/h2>\n<p>Die feinen K\u00fcnstler-Aquarellfarben, die wir verwenden, sind zum Gro\u00dfteil <strong>Ein-Pigment-Farben <\/strong>und daher besonders rein und farbkr\u00e4ftig. Man kann sie zwar alle untereinander mischen, aber dabei verlieren sie leider ziemlich schnell an Reinheit und Strahlkraft, das Bild wird insgesamt ged\u00e4mpfter. Das kann ein gewollter Effekt sein, z.B. bei der Na\u00df-in-Na\u00df-Technik, aber die Farbe wirken strahlender, wenn man sie relativ trocken vermalt nebeneinander setzt.<\/p>\n<h2>Mischen auf der Palette<\/h2>\n<p><strong>Achtung:<\/strong> man mischt die Farben immer auf einer Palette, niemals im N\u00e4pfchen direkt. Sonst werden die Farben verunreinigt, und man m\u00fcsste sie erst mit viel Wasser wieder auswaschen, damit sie wieder verwendbar werden. Bei den aufklappbaren Blech-Aquarellk\u00e4sten sind immer Palettenf\u00e4cher im Deckel und im Boden mit eingebaut, die kann man direkt verwenden.<\/p>\n<figure id=\"attachment_45\" aria-describedby=\"caption-attachment-45\" style=\"width: 300px\" class=\"wp-caption alignnone\"><img decoding=\"async\" loading=\"lazy\" class=\"wp-image-45 size-medium\" src=\"http:\/\/evileu.de\/aquarellmalerei\/wp-content\/uploads\/2016\/12\/mischen-300x291.jpg\" alt=\"mischen in den Palettenf\u00e4chern\" width=\"300\" height=\"291\" srcset=\"https:\/\/evileu.de\/aquarellmalerei\/wp-content\/uploads\/2016\/12\/mischen-300x291.jpg 300w, https:\/\/evileu.de\/aquarellmalerei\/wp-content\/uploads\/2016\/12\/mischen.jpg 400w\" sizes=\"(max-width: 300px) 100vw, 300px\" \/><figcaption id=\"caption-attachment-45\" class=\"wp-caption-text\">mischen in den Palettenf\u00e4chern<\/figcaption><\/figure>\n","protected":false},"excerpt":{"rendered":"<p>Grundlegendes zur Farbtheorie Alle Aquarellfarben sind untereinander mischbar, so l\u00e4sst sich auch mit relativ wenigen Grundfarben eine gro\u00dfe Farbpalette erzielen. Es gibt aber auch Farben, die sich nicht aus anderen mischen lassen, dies sind die so genannten Prim\u00e4rfarben Rot, Blau und Gelb. Aus diesen Prim\u00e4rfarben wiederum lassen sich alle anderen Farben mischen, dies ist hier &hellip; <a href=\"https:\/\/evileu.de\/aquarellmalerei\/ein-kleiner-malkurs\/ueber-die-farben\/\" class=\"more-link\"><span class=\"screen-reader-text\">\u00dcber die Farben<\/span> weiterlesen <span class=\"meta-nav\">&rarr;<\/span><\/a><\/p>\n","protected":false},"author":1,"featured_media":0,"parent":19,"menu_order":1,"comment_status":"closed","ping_status":"closed","template":"","meta":[],"_links":{"self":[{"href":"https:\/\/evileu.de\/aquarellmalerei\/wp-json\/wp\/v2\/pages\/38"}],"collection":[{"href":"https:\/\/evileu.de\/aquarellmalerei\/wp-json\/wp\/v2\/pages"}],"about":[{"href":"https:\/\/evileu.de\/aquarellmalerei\/wp-json\/wp\/v2\/types\/page"}],"author":[{"embeddable":true,"href":"https:\/\/evileu.de\/aquarellmalerei\/wp-json\/wp\/v2\/users\/1"}],"replies":[{"embeddable":true,"href":"https:\/\/evileu.de\/aquarellmalerei\/wp-json\/wp\/v2\/comments?post=38"}],"version-history":[{"count":7,"href":"https:\/\/evileu.de\/aquarellmalerei\/wp-json\/wp\/v2\/pages\/38\/revisions"}],"predecessor-version":[{"id":305,"href":"https:\/\/evileu.de\/aquarellmalerei\/wp-json\/wp\/v2\/pages\/38\/revisions\/305"}],"up":[{"embeddable":true,"href":"https:\/\/evileu.de\/aquarellmalerei\/wp-json\/wp\/v2\/pages\/19"}],"wp:attachment":[{"href":"https:\/\/evileu.de\/aquarellmalerei\/wp-json\/wp\/v2\/media?parent=38"}],"curies":[{"name":"wp","href":"https:\/\/api.w.org\/{rel}","templated":true}]}}