{"id":19,"date":"2016-12-09T16:11:16","date_gmt":"2016-12-09T15:11:16","guid":{"rendered":"http:\/\/evileu.de\/aquarellmalerei\/?page_id=19"},"modified":"2016-12-13T14:55:17","modified_gmt":"2016-12-13T13:55:17","slug":"ein-kleiner-malkurs","status":"publish","type":"page","link":"https:\/\/evileu.de\/aquarellmalerei\/ein-kleiner-malkurs\/","title":{"rendered":"Ein kleiner Malkurs"},"content":{"rendered":"<p>Ich habe 2014 einen Malkurs f\u00fcr Senioren gehalten, der sich sehr guten Zuspruchs erfreute und bei den Teilnehmern ein voller Erfolg war. Daf\u00fcr habe ich eine kurze Brosch\u00fcre \u00fcber die Grundlagen der Aquarellmalerei zuammengestellt, die ich hier vorstelle. Es ist eine Ermutigung zum Ausprobieren, eine kurze Einweisung und Ideensammlung f\u00fcr den Einstieg in die Aquarellmalerei.<\/p>\n<p>Alles was man zum Anfangen braucht ist ein Aquarellkasten mit 6 oder 12 Farbn\u00e4pfchen in den wichtigsten Grundfarben, ein paar Pinsel und Aquarellpapier, und es kann losgehen. Wenn jemand Fragen hat oder etwas genauer erkl\u00e4rt haben m\u00f6chte, bitte das <a href=\"http:\/\/evileu.de\/aquarellmalerei\/2016\/12\/09\/anmerkungen-zum-malkurs-teil-1\/\">Kontaktformular<\/a> nutzen und mir eine kurze Nachricht zukommen lassen.<\/p>\n","protected":false},"excerpt":{"rendered":"<p>Ich habe 2014 einen Malkurs f\u00fcr Senioren gehalten, der sich sehr guten Zuspruchs erfreute und bei den Teilnehmern ein voller Erfolg war. Daf\u00fcr habe ich eine kurze Brosch\u00fcre \u00fcber die Grundlagen der Aquarellmalerei zuammengestellt, die ich hier vorstelle. Es ist eine Ermutigung zum Ausprobieren, eine kurze Einweisung und Ideensammlung f\u00fcr den Einstieg in die Aquarellmalerei. &hellip; <a href=\"https:\/\/evileu.de\/aquarellmalerei\/ein-kleiner-malkurs\/\" class=\"more-link\"><span class=\"screen-reader-text\">Ein kleiner Malkurs<\/span> weiterlesen <span class=\"meta-nav\">&rarr;<\/span><\/a><\/p>\n","protected":false},"author":1,"featured_media":0,"parent":0,"menu_order":1,"comment_status":"closed","ping_status":"closed","template":"","meta":[],"_links":{"self":[{"href":"https:\/\/evileu.de\/aquarellmalerei\/wp-json\/wp\/v2\/pages\/19"}],"collection":[{"href":"https:\/\/evileu.de\/aquarellmalerei\/wp-json\/wp\/v2\/pages"}],"about":[{"href":"https:\/\/evileu.de\/aquarellmalerei\/wp-json\/wp\/v2\/types\/page"}],"author":[{"embeddable":true,"href":"https:\/\/evileu.de\/aquarellmalerei\/wp-json\/wp\/v2\/users\/1"}],"replies":[{"embeddable":true,"href":"https:\/\/evileu.de\/aquarellmalerei\/wp-json\/wp\/v2\/comments?post=19"}],"version-history":[{"count":2,"href":"https:\/\/evileu.de\/aquarellmalerei\/wp-json\/wp\/v2\/pages\/19\/revisions"}],"predecessor-version":[{"id":24,"href":"https:\/\/evileu.de\/aquarellmalerei\/wp-json\/wp\/v2\/pages\/19\/revisions\/24"}],"wp:attachment":[{"href":"https:\/\/evileu.de\/aquarellmalerei\/wp-json\/wp\/v2\/media?parent=19"}],"curies":[{"name":"wp","href":"https:\/\/api.w.org\/{rel}","templated":true}]}}