{"id":138,"date":"2016-12-13T13:46:46","date_gmt":"2016-12-13T12:46:46","guid":{"rendered":"http:\/\/evileu.de\/aquarellmalerei\/?page_id=138"},"modified":"2017-08-22T16:38:02","modified_gmt":"2017-08-22T14:38:02","slug":"starnberger-see-sued","status":"publish","type":"page","link":"https:\/\/evileu.de\/aquarellmalerei\/meine-lieblingsplaetze\/starnberger-see-sued\/","title":{"rendered":"Starnberger See S\u00fcd"},"content":{"rendered":"<p>Wenn man auf der Garmischer Autobahn bis Wolfratshausen oder Seeshaupt weiterf\u00e4hrt, ist man schnell am S\u00fcdende des Starnberger Sees. Hierher kommen die M\u00fcnchener im Sommer in Scharen, und besonders das gro\u00dfe Erholungsgel\u00e4nde in Ambach ist im Juli\/August meistens hoffnungslos \u00fcberf\u00fcllt. Ich bin hier eher im Fr\u00fchjahr und im Herbst, da ist es ruhiger. Ausserdem w\u00e4rmt sich das flache Wasser hier am Sandstrand so schnell auf, da\u00df die Badesaison schon manchmal im April beginnt und bis in den Oktober hinein andauert.<\/p>\n<figure id=\"attachment_140\" aria-describedby=\"caption-attachment-140\" style=\"width: 654px\" class=\"wp-caption alignnone\"><img decoding=\"async\" loading=\"lazy\" class=\"wp-image-140 size-full\" src=\"http:\/\/evileu.de\/aquarellmalerei\/wp-content\/uploads\/2016\/12\/starnberger-see-sued-karte.jpg\" alt=\"starnberger-see-sued-karte\" width=\"654\" height=\"595\" srcset=\"https:\/\/evileu.de\/aquarellmalerei\/wp-content\/uploads\/2016\/12\/starnberger-see-sued-karte.jpg 654w, https:\/\/evileu.de\/aquarellmalerei\/wp-content\/uploads\/2016\/12\/starnberger-see-sued-karte-300x273.jpg 300w\" sizes=\"(max-width: 654px) 100vw, 654px\" \/><figcaption id=\"caption-attachment-140\" class=\"wp-caption-text\">starnberger-see-sued-karte \u00a9 OpenStreetMap-Mitwirkende<\/figcaption><\/figure>\n<h2>Ambach<\/h2>\n<p>Das beliebte Naherholungsgebiet verf\u00fcgt \u00fcber mehrere Tausend Parkpl\u00e4tze, aber die werden im Hochsommer auch ganz schnell voll, weil die M\u00fcnchner in Scharen herbeistr\u00f6men. Ich bin hier gern zum Baden, auch wenn man den flachen Sandstrand erstmal weit, weit hineinlatschen mu\u00df, bis man in tieferes Wasser zum Schwimmen kommt. Der flache Strand ist ganz ideal f\u00fcr Familien mit Kindern, und dementsprechend ist hier in der Hauptsaison der B\u00e4r los. Hier ist es aber auch im Herbst sehr sch\u00f6n, wenn sich das Laub der hohen B\u00e4ume leuchtend f\u00e4rbt und die Luft bei F\u00f6hn so ganz besonders klar ist, da\u00df man das herrliche Bergpanorama so richtig geniessen kann.<\/p>\n<figure id=\"attachment_141\" aria-describedby=\"caption-attachment-141\" style=\"width: 294px\" class=\"wp-caption alignnone\"><img decoding=\"async\" loading=\"lazy\" class=\"wp-image-141 size-full\" src=\"http:\/\/evileu.de\/aquarellmalerei\/wp-content\/uploads\/2016\/12\/ambach_sued.jpg\" alt=\"ambach sued im herbst\" width=\"294\" height=\"399\" srcset=\"https:\/\/evileu.de\/aquarellmalerei\/wp-content\/uploads\/2016\/12\/ambach_sued.jpg 294w, https:\/\/evileu.de\/aquarellmalerei\/wp-content\/uploads\/2016\/12\/ambach_sued-221x300.jpg 221w\" sizes=\"(max-width: 294px) 100vw, 294px\" \/><figcaption id=\"caption-attachment-141\" class=\"wp-caption-text\">ambach sued im herbst<\/figcaption><\/figure>\n<p>Man kann in Ambach sehr sch\u00f6ne lange Strandspazierg\u00e4nge machen, das Gel\u00e4nde ist wirklich sehr sch\u00f6n weitl\u00e4ufig. Am Westufer blickt man nach Bernried:<\/p>\n<figure id=\"attachment_142\" aria-describedby=\"caption-attachment-142\" style=\"width: 506px\" class=\"wp-caption alignnone\"><img decoding=\"async\" loading=\"lazy\" class=\"wp-image-142 size-full\" src=\"http:\/\/evileu.de\/aquarellmalerei\/wp-content\/uploads\/2016\/12\/29_10_10ambach_bernried.jpg\" alt=\"ambach blick nach bernried\" width=\"506\" height=\"341\" srcset=\"https:\/\/evileu.de\/aquarellmalerei\/wp-content\/uploads\/2016\/12\/29_10_10ambach_bernried.jpg 506w, https:\/\/evileu.de\/aquarellmalerei\/wp-content\/uploads\/2016\/12\/29_10_10ambach_bernried-300x202.jpg 300w\" sizes=\"(max-width: 506px) 100vw, 506px\" \/><figcaption id=\"caption-attachment-142\" class=\"wp-caption-text\">ambach blick nach bernried<\/figcaption><\/figure>\n<p>Nach Norden schaut man zur Tutzinger Bucht und weiter fast bis Starnberg den ganzen See entlang.<\/p>\n<figure id=\"attachment_143\" aria-describedby=\"caption-attachment-143\" style=\"width: 300px\" class=\"wp-caption alignnone\"><img decoding=\"async\" loading=\"lazy\" class=\"wp-image-143 size-medium\" src=\"http:\/\/evileu.de\/aquarellmalerei\/wp-content\/uploads\/2016\/12\/ambach_nord-300x293.jpg\" alt=\"ambach nord\" width=\"300\" height=\"293\" srcset=\"https:\/\/evileu.de\/aquarellmalerei\/wp-content\/uploads\/2016\/12\/ambach_nord-300x293.jpg 300w, https:\/\/evileu.de\/aquarellmalerei\/wp-content\/uploads\/2016\/12\/ambach_nord.jpg 411w\" sizes=\"(max-width: 300px) 100vw, 300px\" \/><figcaption id=\"caption-attachment-143\" class=\"wp-caption-text\">ambach nord<\/figcaption><\/figure>\n<p>Ich bin hier auch oft schon im Winter gesessen, wenn bei F\u00f6hn das Licht \u00fcber dem See so ganz zauberhaft strahlt und das Wasser in Tausend Blaut\u00f6nen spiegelt.<\/p>\n<figure id=\"attachment_146\" aria-describedby=\"caption-attachment-146\" style=\"width: 516px\" class=\"wp-caption alignnone\"><img decoding=\"async\" loading=\"lazy\" class=\"wp-image-146 size-full\" src=\"http:\/\/evileu.de\/aquarellmalerei\/wp-content\/uploads\/2016\/12\/november_ambach.jpg\" alt=\"november in ambach\" width=\"516\" height=\"359\" srcset=\"https:\/\/evileu.de\/aquarellmalerei\/wp-content\/uploads\/2016\/12\/november_ambach.jpg 516w, https:\/\/evileu.de\/aquarellmalerei\/wp-content\/uploads\/2016\/12\/november_ambach-300x209.jpg 300w\" sizes=\"(max-width: 516px) 100vw, 516px\" \/><figcaption id=\"caption-attachment-146\" class=\"wp-caption-text\">november in ambach<\/figcaption><\/figure>\n<p>Wenn im Winter die Sonne fr\u00fch untergeht, mu\u00df man verflixt schnell sein mit dem Malen, dann wirds n\u00e4mlich bald saukalt.<\/p>\n<figure id=\"attachment_147\" aria-describedby=\"caption-attachment-147\" style=\"width: 516px\" class=\"wp-caption alignnone\"><img decoding=\"async\" loading=\"lazy\" class=\"wp-image-147 size-full\" src=\"http:\/\/evileu.de\/aquarellmalerei\/wp-content\/uploads\/2016\/12\/sonnenuntergan-februar-ambach.jpg\" alt=\"ambach, sonnenuntergang im februar\" width=\"516\" height=\"379\" srcset=\"https:\/\/evileu.de\/aquarellmalerei\/wp-content\/uploads\/2016\/12\/sonnenuntergan-februar-ambach.jpg 516w, https:\/\/evileu.de\/aquarellmalerei\/wp-content\/uploads\/2016\/12\/sonnenuntergan-februar-ambach-300x220.jpg 300w\" sizes=\"(max-width: 516px) 100vw, 516px\" \/><figcaption id=\"caption-attachment-147\" class=\"wp-caption-text\">ambach, sonnenuntergang im februar<\/figcaption><\/figure>\n<p>Aber das Licht ist halt so fantastisch, da bin ich oft schon mit halberfrorenen Fingern gesessen und hab ein Bild schnell noch fertiggemalt, eh die Sonne ganz wegging.<\/p>\n<p>Im Sommer dagegen kann man es bis sp\u00e4t Abends hier aushalten, da ist es noch lau und mild auch wenn die Sonne schon tief steht. Das ist so die richtige Zeit f\u00fcr einen letzten Hupf ins Wasser, das ist ja sch\u00f6n warm, und die Abendsonne ist sehr angenehm.<\/p>\n<figure id=\"attachment_182\" aria-describedby=\"caption-attachment-182\" style=\"width: 474px\" class=\"wp-caption alignnone\"><img decoding=\"async\" loading=\"lazy\" class=\"wp-image-182 size-large\" src=\"http:\/\/evileu.de\/aquarellmalerei\/wp-content\/uploads\/2016\/12\/unter-der-birke-1024x768.jpg\" alt=\"abendsonne unter der birke\" width=\"474\" height=\"356\" srcset=\"https:\/\/evileu.de\/aquarellmalerei\/wp-content\/uploads\/2016\/12\/unter-der-birke-1024x768.jpg 1024w, https:\/\/evileu.de\/aquarellmalerei\/wp-content\/uploads\/2016\/12\/unter-der-birke-300x225.jpg 300w, https:\/\/evileu.de\/aquarellmalerei\/wp-content\/uploads\/2016\/12\/unter-der-birke-768x576.jpg 768w, https:\/\/evileu.de\/aquarellmalerei\/wp-content\/uploads\/2016\/12\/unter-der-birke.jpg 1600w\" sizes=\"(max-width: 474px) 100vw, 474px\" \/><figcaption id=\"caption-attachment-182\" class=\"wp-caption-text\">abendsonne unter der birke<\/figcaption><\/figure>\n<h2>Das kleine Seehaus bei Pischetsried und das Strandbad von St. Heinrich<\/h2>\n<p>Das ganz vorz\u00fcgliche Restaurant &#8222;Zum kleinen Seehaus&#8220; kurz vor St. Heinrich hat auch einen netten kleinen Badestrand, der recht windgesch\u00fctzt liegt und auch im Fr\u00fchjahr oder im Herbst zum Sonnenbaden und zum Planschen im seichten Wasser einl\u00e4dt. Weil man die Einfahrt zum kleinen Seehaus kennen mu\u00df, um sie zu finden, ist es hier oftmals nicht ganz so \u00fcberf\u00fcllt wie in den anderen Erholungsgebieten am Starnberger See, hier findet man oft noch ein freies Pl\u00e4tzchen.<\/p>\n<figure id=\"attachment_150\" aria-describedby=\"caption-attachment-150\" style=\"width: 287px\" class=\"wp-caption alignnone\"><img decoding=\"async\" loading=\"lazy\" class=\"wp-image-150 size-full\" src=\"http:\/\/evileu.de\/aquarellmalerei\/wp-content\/uploads\/2016\/12\/10_30_05am_kleinen_seehaus-1.jpg\" alt=\"am kleinen seehaus\" width=\"287\" height=\"402\" srcset=\"https:\/\/evileu.de\/aquarellmalerei\/wp-content\/uploads\/2016\/12\/10_30_05am_kleinen_seehaus-1.jpg 287w, https:\/\/evileu.de\/aquarellmalerei\/wp-content\/uploads\/2016\/12\/10_30_05am_kleinen_seehaus-1-214x300.jpg 214w\" sizes=\"(max-width: 287px) 100vw, 287px\" \/><figcaption id=\"caption-attachment-150\" class=\"wp-caption-text\">am kleinen seehaus<\/figcaption><\/figure>\n<p>In St. Heinrich selber gibt es ein verschlafenes Strandbad mit einem netten Brotzeitkiosk und einer Surfschule. Dass sich Letztere dort h\u00e4lt ist eigentlich verwunderlich, denn im Sommer sieht es hier ganz oft so aus: kein Wind in St. Heinrich!<\/p>\n<figure id=\"attachment_151\" aria-describedby=\"caption-attachment-151\" style=\"width: 504px\" class=\"wp-caption alignnone\"><img decoding=\"async\" loading=\"lazy\" class=\"wp-image-151 size-full\" src=\"http:\/\/evileu.de\/aquarellmalerei\/wp-content\/uploads\/2016\/12\/mai_03_kein_wind.jpg\" alt=\"kein wind in st.heinrich\" width=\"504\" height=\"368\" srcset=\"https:\/\/evileu.de\/aquarellmalerei\/wp-content\/uploads\/2016\/12\/mai_03_kein_wind.jpg 504w, https:\/\/evileu.de\/aquarellmalerei\/wp-content\/uploads\/2016\/12\/mai_03_kein_wind-300x219.jpg 300w\" sizes=\"(max-width: 504px) 100vw, 504px\" \/><figcaption id=\"caption-attachment-151\" class=\"wp-caption-text\">kein wind in st.heinrich<\/figcaption><\/figure>\n<p>Daf\u00fcr hat man aber einen sch\u00f6nen Blick nach Seeshaupt hin\u00fcber:<\/p>\n<figure id=\"attachment_152\" aria-describedby=\"caption-attachment-152\" style=\"width: 501px\" class=\"wp-caption alignnone\"><img decoding=\"async\" loading=\"lazy\" class=\"wp-image-152 size-full\" src=\"http:\/\/evileu.de\/aquarellmalerei\/wp-content\/uploads\/2016\/12\/06_18_07seeshaupt.jpg\" alt=\"blick nach seeshaupt\" width=\"501\" height=\"359\" srcset=\"https:\/\/evileu.de\/aquarellmalerei\/wp-content\/uploads\/2016\/12\/06_18_07seeshaupt.jpg 501w, https:\/\/evileu.de\/aquarellmalerei\/wp-content\/uploads\/2016\/12\/06_18_07seeshaupt-300x215.jpg 300w\" sizes=\"(max-width: 501px) 100vw, 501px\" \/><figcaption id=\"caption-attachment-152\" class=\"wp-caption-text\">blick nach seeshaupt<\/figcaption><\/figure>\n<p>Ausserdem ist das Licht hier so nah an den Bergen ganz besonders sch\u00f6n, wir sind hier im &#8222;Blauen Land&#8220;, das bei den Malern schon vor 100 Jahren so beliebt war.<\/p>\n<p>Hier bin ich ganz oft schon im Januar, sitze am Bootshaus und la\u00df mir die F\u00f6hnsonne auf die Nase scheinen.<\/p>\n<figure id=\"attachment_155\" aria-describedby=\"caption-attachment-155\" style=\"width: 292px\" class=\"wp-caption alignnone\"><img decoding=\"async\" loading=\"lazy\" class=\"wp-image-155 size-full\" src=\"http:\/\/evileu.de\/aquarellmalerei\/wp-content\/uploads\/2016\/12\/st-heinrich-januar-1.jpg\" alt=\"st.heinrich im januar\" width=\"292\" height=\"400\" srcset=\"https:\/\/evileu.de\/aquarellmalerei\/wp-content\/uploads\/2016\/12\/st-heinrich-januar-1.jpg 292w, https:\/\/evileu.de\/aquarellmalerei\/wp-content\/uploads\/2016\/12\/st-heinrich-januar-1-219x300.jpg 219w\" sizes=\"(max-width: 292px) 100vw, 292px\" \/><figcaption id=\"caption-attachment-155\" class=\"wp-caption-text\">st.heinrich im januar<\/figcaption><\/figure>\n<p>Oft ist es allerdings so dunstig, da\u00df man die Berge gar nicht erkennen kann.<\/p>\n<figure id=\"attachment_156\" aria-describedby=\"caption-attachment-156\" style=\"width: 288px\" class=\"wp-caption alignnone\"><img decoding=\"async\" loading=\"lazy\" class=\"wp-image-156 size-full\" src=\"http:\/\/evileu.de\/aquarellmalerei\/wp-content\/uploads\/2016\/12\/wintersonne_stheinrich.jpg\" alt=\"wintersonne \u00fcber st.heinrich\" width=\"288\" height=\"395\" srcset=\"https:\/\/evileu.de\/aquarellmalerei\/wp-content\/uploads\/2016\/12\/wintersonne_stheinrich.jpg 288w, https:\/\/evileu.de\/aquarellmalerei\/wp-content\/uploads\/2016\/12\/wintersonne_stheinrich-219x300.jpg 219w\" sizes=\"(max-width: 288px) 100vw, 288px\" \/><figcaption id=\"caption-attachment-156\" class=\"wp-caption-text\">wintersonne \u00fcber st.heinrich<\/figcaption><\/figure>\n<p>Dann male ich halt mal wieder die Hausd\u00e4cher und den Kirchturm von Seeshaupt, sieht auch h\u00fcbsch aus.<\/p>\n<figure id=\"attachment_157\" aria-describedby=\"caption-attachment-157\" style=\"width: 401px\" class=\"wp-caption alignnone\"><img decoding=\"async\" loading=\"lazy\" class=\"wp-image-157 size-full\" src=\"http:\/\/evileu.de\/aquarellmalerei\/wp-content\/uploads\/2016\/12\/februar-07-seeshaupt.jpg\" alt=\"seeshaupt im februar\" width=\"401\" height=\"405\" srcset=\"https:\/\/evileu.de\/aquarellmalerei\/wp-content\/uploads\/2016\/12\/februar-07-seeshaupt.jpg 401w, https:\/\/evileu.de\/aquarellmalerei\/wp-content\/uploads\/2016\/12\/februar-07-seeshaupt-150x150.jpg 150w, https:\/\/evileu.de\/aquarellmalerei\/wp-content\/uploads\/2016\/12\/februar-07-seeshaupt-297x300.jpg 297w\" sizes=\"(max-width: 401px) 100vw, 401px\" \/><figcaption id=\"caption-attachment-157\" class=\"wp-caption-text\">seeshaupt im februar<\/figcaption><\/figure>\n<p>Hier der selbe Blick mit Bergen, etwas sp\u00e4ter im Fr\u00fchling. Im M\u00e4rz war das, da ist die Luft oft klarer als im tiefen Winter.<\/p>\n<figure id=\"attachment_158\" aria-describedby=\"caption-attachment-158\" style=\"width: 499px\" class=\"wp-caption alignnone\"><img decoding=\"async\" loading=\"lazy\" class=\"wp-image-158 size-full\" src=\"http:\/\/evileu.de\/aquarellmalerei\/wp-content\/uploads\/2016\/12\/maerz_07seeshaupt.jpg\" alt=\"f\u00f6hn im m\u00e4rz \u00fcber seeshaupt\" width=\"499\" height=\"363\" srcset=\"https:\/\/evileu.de\/aquarellmalerei\/wp-content\/uploads\/2016\/12\/maerz_07seeshaupt.jpg 499w, https:\/\/evileu.de\/aquarellmalerei\/wp-content\/uploads\/2016\/12\/maerz_07seeshaupt-300x218.jpg 300w\" sizes=\"(max-width: 499px) 100vw, 499px\" \/><figcaption id=\"caption-attachment-158\" class=\"wp-caption-text\">f\u00f6hn im m\u00e4rz \u00fcber seeshaupt<\/figcaption><\/figure>\n","protected":false},"excerpt":{"rendered":"<p>Wenn man auf der Garmischer Autobahn bis Wolfratshausen oder Seeshaupt weiterf\u00e4hrt, ist man schnell am S\u00fcdende des Starnberger Sees. Hierher kommen die M\u00fcnchener im Sommer in Scharen, und besonders das gro\u00dfe Erholungsgel\u00e4nde in Ambach ist im Juli\/August meistens hoffnungslos \u00fcberf\u00fcllt. Ich bin hier eher im Fr\u00fchjahr und im Herbst, da ist es ruhiger. Ausserdem w\u00e4rmt &hellip; <a href=\"https:\/\/evileu.de\/aquarellmalerei\/meine-lieblingsplaetze\/starnberger-see-sued\/\" class=\"more-link\"><span class=\"screen-reader-text\">Starnberger See S\u00fcd<\/span> weiterlesen <span class=\"meta-nav\">&rarr;<\/span><\/a><\/p>\n","protected":false},"author":1,"featured_media":0,"parent":68,"menu_order":3,"comment_status":"closed","ping_status":"closed","template":"","meta":[],"_links":{"self":[{"href":"https:\/\/evileu.de\/aquarellmalerei\/wp-json\/wp\/v2\/pages\/138"}],"collection":[{"href":"https:\/\/evileu.de\/aquarellmalerei\/wp-json\/wp\/v2\/pages"}],"about":[{"href":"https:\/\/evileu.de\/aquarellmalerei\/wp-json\/wp\/v2\/types\/page"}],"author":[{"embeddable":true,"href":"https:\/\/evileu.de\/aquarellmalerei\/wp-json\/wp\/v2\/users\/1"}],"replies":[{"embeddable":true,"href":"https:\/\/evileu.de\/aquarellmalerei\/wp-json\/wp\/v2\/comments?post=138"}],"version-history":[{"count":8,"href":"https:\/\/evileu.de\/aquarellmalerei\/wp-json\/wp\/v2\/pages\/138\/revisions"}],"predecessor-version":[{"id":314,"href":"https:\/\/evileu.de\/aquarellmalerei\/wp-json\/wp\/v2\/pages\/138\/revisions\/314"}],"up":[{"embeddable":true,"href":"https:\/\/evileu.de\/aquarellmalerei\/wp-json\/wp\/v2\/pages\/68"}],"wp:attachment":[{"href":"https:\/\/evileu.de\/aquarellmalerei\/wp-json\/wp\/v2\/media?parent=138"}],"curies":[{"name":"wp","href":"https:\/\/api.w.org\/{rel}","templated":true}]}}